{"id":430,"date":"2021-09-26T14:52:12","date_gmt":"2021-09-26T12:52:12","guid":{"rendered":"https:\/\/bigycb.cz\/zus\/?page_id=430"},"modified":"2021-10-01T08:08:22","modified_gmt":"2021-10-01T06:08:22","slug":"uvodni-stranka","status":"publish","type":"page","link":"https:\/\/bigycb.cz\/zus\/","title":{"rendered":"\u00davodn\u00ed str\u00e1nka"},"content":{"rendered":"","protected":false},"excerpt":{"rendered":"","protected":false},"author":1,"featured_media":0,"parent":0,"menu_order":0,"comment_status":"closed","ping_status":"closed","template":"templates\/page-builder.php","meta":{"footnotes":""},"class_list":["post-430","page","type-page","status-publish","hentry"],"_links":{"self":[{"href":"https:\/\/bigycb.cz\/zus\/wp-json\/wp\/v2\/pages\/430","targetHints":{"allow":["GET"]}}],"collection":[{"href":"https:\/\/bigycb.cz\/zus\/wp-json\/wp\/v2\/pages"}],"about":[{"href":"https:\/\/bigycb.cz\/zus\/wp-json\/wp\/v2\/types\/page"}],"author":[{"embeddable":true,"href":"https:\/\/bigycb.cz\/zus\/wp-json\/wp\/v2\/users\/1"}],"replies":[{"embeddable":true,"href":"https:\/\/bigycb.cz\/zus\/wp-json\/wp\/v2\/comments?post=430"}],"version-history":[{"count":103,"href":"https:\/\/bigycb.cz\/zus\/wp-json\/wp\/v2\/pages\/430\/revisions"}],"predecessor-version":[{"id":695,"href":"https:\/\/bigycb.cz\/zus\/wp-json\/wp\/v2\/pages\/430\/revisions\/695"}],"wp:attachment":[{"href":"https:\/\/bigycb.cz\/zus\/wp-json\/wp\/v2\/media?parent=430"}],"curies":[{"name":"wp","href":"https:\/\/api.w.org\/{rel}","templated":true}]}}