{"id":926,"date":"2022-08-14T17:42:07","date_gmt":"2022-08-14T15:42:07","guid":{"rendered":"https:\/\/bigycb.cz\/czs\/?page_id=926"},"modified":"2025-09-04T08:59:29","modified_gmt":"2025-09-04T06:59:29","slug":"zapis-a-prestup","status":"publish","type":"page","link":"https:\/\/bigycb.cz\/czs\/zapis-a-prestup\/","title":{"rendered":"Spole\u010dn\u00e9 vzd\u011bl\u00e1v\u00e1n\u00ed"},"content":{"rendered":"\t\t<div data-elementor-type=\"wp-page\" data-elementor-id=\"926\" class=\"elementor elementor-926\" data-elementor-post-type=\"page\">\n\t\t\t\t\t\t<section class=\"elementor-section elementor-top-section elementor-element elementor-element-9d86944 elementor-section-boxed elementor-section-height-default elementor-section-height-default\" data-id=\"9d86944\" data-element_type=\"section\" data-e-type=\"section\">\n\t\t\t\t\t\t<div class=\"elementor-container elementor-column-gap-default\">\n\t\t\t\t\t<div class=\"elementor-column elementor-col-100 elementor-top-column elementor-element elementor-element-dc7dafa\" data-id=\"dc7dafa\" data-element_type=\"column\" data-e-type=\"column\">\n\t\t\t<div class=\"elementor-widget-wrap elementor-element-populated\">\n\t\t\t\t\t\t<div class=\"elementor-element elementor-element-64ef4db elementor-widget elementor-widget-text-editor\" data-id=\"64ef4db\" data-element_type=\"widget\" data-e-type=\"widget\" data-widget_type=\"text-editor.default\">\n\t\t\t\t<div class=\"elementor-widget-container\">\n\t\t\t\t\t\t\t\t\t<p>CZ\u0160 vzd\u011bl\u00e1v\u00e1 tak\u00e9 \u017e\u00e1ky se speci\u00e1ln\u00edmi vzd\u011bl\u00e1vac\u00edmi pot\u0159ebami a&nbsp;inkluduje je do b\u011b\u017en\u00fdch t\u0159\u00edd. V&nbsp;p\u0159\u00edpad\u011b pot\u0159eby je do t\u0159\u00eddy s&nbsp;t\u011bmito \u017e\u00e1ky na z\u00e1klad\u011b doporu\u010den\u00ed \u0161kolsk\u00e9ho poradensk\u00e9ho za\u0159\u00edzen\u00ed p\u0159i\u0159azen asistent pedagoga, kter\u00fd pln\u00ed roli podp\u016frn\u00e9ho pedagogick\u00e9ho pracovn\u00edka. Je k&nbsp;dispozici nejen \u017e\u00e1kovi se speci\u00e1ln\u00edmi vzd\u011bl\u00e1vac\u00edmi pot\u0159ebami, ale i&nbsp;ostatn\u00edm d\u011btem, pracuje pod veden\u00edm vyu\u010duj\u00edc\u00edho dan\u00e9ho p\u0159edm\u011btu.<\/p><p>V leto\u0161n\u00edm \u0161koln\u00edm roce pracuj\u00ed asistentky pedagoga ve t\u0159\u00edd\u00e1ch 1.&nbsp;stupn\u011b &#8211; konkr\u00e9tn\u011b v&nbsp;1.A, 2.C, 3.A, 5.A, 5.B, 5.C,\u00a0 na 2.&nbsp;stupni v&nbsp;7.B, 7.C a&nbsp;8.B.<\/p><p>P\u0159i pr\u00e1ci s&nbsp;t\u011bmito \u017e\u00e1ky p\u0159ihl\u00ed\u017e\u00edme k&nbsp;jejich specifick\u00fdm vzd\u011bl\u00e1vac\u00edm pot\u0159eb\u00e1m a&nbsp;sna\u017e\u00edme se jim vytvo\u0159it p\u0159\u00edjemn\u00e9 a&nbsp;podn\u011btn\u00e9 pracovn\u00ed prost\u0159ed\u00ed.<\/p><p>V d\u0159\u00edv\u011bj\u0161\u00edch letech jsme m\u011bli tak\u00e9 n\u011bkolik \u017e\u00e1k\u016f se speci\u00e1ln\u00edmi vzd\u011bl\u00e1vac\u00edmi pot\u0159ebami z&nbsp;nich\u017e jeden &#8211; Arno\u0161t Petr\u00e1\u010dek &#8211; dokonce vynikal sv\u00fdmi sportovn\u00edmi \u00fasp\u011bchy i&nbsp;p\u0159es sv\u016fj t\u011blesn\u00fd handicap!<\/p><p>Arno\u0161t je vynikaj\u00edc\u00edm plavcem a&nbsp;z\u00fa\u010dastnil se mistrovstv\u00ed sv\u011bta handicapovan\u00fdch plavc\u016f v&nbsp;Jihoafrick\u00e9 republice. A\u010dkoliv byl nejmlad\u0161\u00edm \u010dlenem t\u00fdmu, pro na\u0161i vlast vybojoval druh\u00e9 m\u00edsto a&nbsp;st\u0159\u00edbrnou medaili v&nbsp;discipl\u00edn\u011b 50\u00a0m mot\u00fdlek. V&nbsp;roce 2008 se z\u00fa\u010dastnil letn\u00edch paralympijsk\u00fdch her v&nbsp;Pekingu a&nbsp;z\u00edskal v\u00fdborn\u00e9 \u010dtvrt\u00e9 m\u00edsto. V&nbsp;roce 2016 se dokonce stal dr\u017eitelem zlat\u00e9 medaile na olympi\u00e1d\u011b v&nbsp;Riu de Janeiru!<\/p>\t\t\t\t\t\t\t\t<\/div>\n\t\t\t\t<\/div>\n\t\t\t\t\t<\/div>\n\t\t<\/div>\n\t\t\t\t\t<\/div>\n\t\t<\/section>\n\t\t\t\t<\/div>\n\t\t","protected":false},"excerpt":{"rendered":"<p>CZ\u0160 vzd\u011bl\u00e1v\u00e1 tak\u00e9 \u017e\u00e1ky se speci\u00e1ln\u00edmi vzd\u011bl\u00e1vac\u00edmi pot\u0159ebami a&nbsp;inkluduje je do b\u011b\u017en\u00fdch t\u0159\u00edd. V&nbsp;p\u0159\u00edpad\u011b pot\u0159eby je do t\u0159\u00eddy s&nbsp;t\u011bmito \u017e\u00e1ky na z\u00e1klad\u011b doporu\u010den\u00ed \u0161kolsk\u00e9ho poradensk\u00e9ho za\u0159\u00edzen\u00ed p\u0159i\u0159azen asistent pedagoga, kter\u00fd<a class=\"more-link\" href=\"https:\/\/bigycb.cz\/czs\/zapis-a-prestup\/\">Continue reading <span class=\"screen-reader-text\">&#8222;Spole\u010dn\u00e9 vzd\u011bl\u00e1v\u00e1n\u00ed&#8220;<\/span><\/a><\/p>\n","protected":false},"author":1,"featured_media":0,"parent":0,"menu_order":0,"comment_status":"closed","ping_status":"closed","template":"","meta":{"xn-wppe-expiration":[],"xn-wppe-expiration-action":[],"xn-wppe-expiration-prefix":[],"footnotes":""},"class_list":["post-926","page","type-page","status-publish","hentry","entry"],"jetpack_sharing_enabled":true,"_links":{"self":[{"href":"https:\/\/bigycb.cz\/czs\/wp-json\/wp\/v2\/pages\/926","targetHints":{"allow":["GET"]}}],"collection":[{"href":"https:\/\/bigycb.cz\/czs\/wp-json\/wp\/v2\/pages"}],"about":[{"href":"https:\/\/bigycb.cz\/czs\/wp-json\/wp\/v2\/types\/page"}],"author":[{"embeddable":true,"href":"https:\/\/bigycb.cz\/czs\/wp-json\/wp\/v2\/users\/1"}],"replies":[{"embeddable":true,"href":"https:\/\/bigycb.cz\/czs\/wp-json\/wp\/v2\/comments?post=926"}],"version-history":[{"count":25,"href":"https:\/\/bigycb.cz\/czs\/wp-json\/wp\/v2\/pages\/926\/revisions"}],"predecessor-version":[{"id":5073,"href":"https:\/\/bigycb.cz\/czs\/wp-json\/wp\/v2\/pages\/926\/revisions\/5073"}],"wp:attachment":[{"href":"https:\/\/bigycb.cz\/czs\/wp-json\/wp\/v2\/media?parent=926"}],"curies":[{"name":"wp","href":"https:\/\/api.w.org\/{rel}","templated":true}]}}

Společné vzdělávání

<div data-elementor-type="wp-page" data-elementor-id="926" class="elementor elementor-926" data-elementor-post-type="page">
						<section class="elementor-section elementor-top-section elementor-element elementor-element-9d86944 elementor-section-boxed elementor-section-height-default elementor-section-height-default" data-id="9d86944" data-element_type="section" data-e-type="section">
						<div class="elementor-container elementor-column-gap-default">
					<div class="elementor-column elementor-col-100 elementor-top-column elementor-element elementor-element-dc7dafa" data-id="dc7dafa" data-element_type="column" data-e-type="column">
			<div class="elementor-widget-wrap elementor-element-populated">
						<div class="elementor-element elementor-element-64ef4db elementor-widget elementor-widget-text-editor" data-id="64ef4db" data-element_type="widget" data-e-type="widget" data-widget_type="text-editor.default">
				<div class="elementor-widget-container">
									<p>CZŠ vzdělává také žáky se speciálními vzdělávacími potřebami a&nbsp;inkluduje je do běžných tříd. V&nbsp;případě potřeby je do třídy s&nbsp;těmito žáky na základě doporučení školského poradenského zařízení přiřazen asistent pedagoga, který plní roli podpůrného pedagogického pracovníka. Je k&nbsp;dispozici nejen žákovi se speciálními vzdělávacími potřebami, ale i&nbsp;ostatním dětem, pracuje pod vedením vyučujícího daného předmětu.</p><p>V letošním školním roce pracují asistentky pedagoga ve třídách 1.&nbsp;stupně &#8211; konkrétně v&nbsp;1.A, 2.C, 3.A, 5.A, 5.B, 5.C,  na 2.&nbsp;stupni v&nbsp;7.B, 7.C a&nbsp;8.B.</p><p>Při práci s&nbsp;těmito žáky přihlížíme k&nbsp;jejich specifickým vzdělávacím potřebám a&nbsp;snažíme se jim vytvořit příjemné a&nbsp;podnětné pracovní prostředí.</p><p>V dřívějších letech jsme měli také několik žáků se speciálními vzdělávacími potřebami z&nbsp;nichž jeden &#8211; Arnošt Petráček &#8211; dokonce vynikal svými sportovními úspěchy i&nbsp;přes svůj tělesný handicap!</p><p>Arnošt je vynikajícím plavcem a&nbsp;zúčastnil se mistrovství světa handicapovaných plavců v&nbsp;Jihoafrické republice. Ačkoliv byl nejmladším členem týmu, pro naši vlast vybojoval druhé místo a&nbsp;stříbrnou medaili v&nbsp;disciplíně 50 m motýlek. V&nbsp;roce 2008 se zúčastnil letních paralympijských her v&nbsp;Pekingu a&nbsp;získal výborné čtvrté místo. V&nbsp;roce 2016 se dokonce stal držitelem zlaté medaile na olympiádě v&nbsp;Riu de Janeiru!</p>								</div>
				</div>
					</div>
		</div>
					</div>
		</section>
				</div>

<p>CZŠ vzdělává také žáky se speciálními vzdělávacími potřebami a&nbsp;inkluduje je do běžných tříd. V&nbsp;případě potřeby je do třídy s&nbsp;těmito žáky na základě doporučení školského poradenského zařízení přiřazen asistent pedagoga, který<a class="more-link" href="https://bigycb.cz/czs/zapis-a-prestup/">Continue reading <span class="screen-reader-text">&#8222;Společné vzdělávání&#8220;</span></a></p>
