{"id":1020,"date":"2022-09-02T22:27:20","date_gmt":"2022-09-02T20:27:20","guid":{"rendered":"https:\/\/bigycb.cz\/czs\/?page_id=1020"},"modified":"2025-09-02T14:40:14","modified_gmt":"2025-09-02T12:40:14","slug":"duchovni-zivot","status":"publish","type":"page","link":"https:\/\/bigycb.cz\/czs\/duchovni-zivot\/","title":{"rendered":"Duchovn\u00ed \u017eivot"},"content":{"rendered":"\t\t<div data-elementor-type=\"wp-page\" data-elementor-id=\"1020\" class=\"elementor elementor-1020\" data-elementor-post-type=\"page\">\n\t\t\t\t\t\t<section class=\"elementor-section elementor-top-section elementor-element elementor-element-0bc36d8 elementor-section-boxed elementor-section-height-default elementor-section-height-default\" data-id=\"0bc36d8\" data-element_type=\"section\" data-e-type=\"section\">\n\t\t\t\t\t\t<div class=\"elementor-container elementor-column-gap-default\">\n\t\t\t\t\t<div class=\"elementor-column elementor-col-100 elementor-top-column elementor-element elementor-element-c641a88\" data-id=\"c641a88\" data-element_type=\"column\" data-e-type=\"column\">\n\t\t\t<div class=\"elementor-widget-wrap elementor-element-populated\">\n\t\t\t\t\t\t<div class=\"elementor-element elementor-element-c033471 elementor-widget elementor-widget-text-editor\" data-id=\"c033471\" data-element_type=\"widget\" data-e-type=\"widget\" data-widget_type=\"text-editor.default\">\n\t\t\t\t<div class=\"elementor-widget-container\">\n\t\t\t\t\t\t\t\t\t<h3><span style=\"color: #53595f;\"><strong>Z duchovn\u00edho \u017eivota na CZ\u0160 2025\/2026<\/strong><\/span><\/h3><div><span style=\"color: #53595f;\"><strong>\u00a0<\/strong><\/span><\/div><h6><span style=\"font-size: 18pt;\"><strong>Spiritu\u00e1l (\u0161koln\u00ed kaplan): <span style=\"color: #e04644;\">Bc. Kasal Pavel<\/span><\/strong><\/span><\/h6><h6><span style=\"font-size: 18pt;\"><strong>Kontakt:<\/strong> <span style=\"color: #e04644;\">kasal@bigy-cb.cz<\/span><\/span><\/h6><h3><span style=\"color: #53595f;\"><strong>\u00a0<\/strong><\/span><\/h3><div><strong><em>&#8222;\u0160koln\u00ed spiritu\u00e1l je n\u011bkdo, kdo \u0161kolu a&nbsp;lidi v&nbsp;n\u00ed prov\u00e1z\u00ed v&nbsp;modlitb\u011b a&nbsp;p\u0159edkl\u00e1d\u00e1 pot\u0159eby v\u0161ech Bohu&#8220;<\/em><\/strong><\/div><div>\u00a0<\/div><div style=\"padding-left: 40px;\"><em>Sou\u010d\u00e1st\u00ed duchovn\u00edho programu na \u0161kole je:<\/em><\/div><div>\u00a0<\/div><h3>Aktivity b\u011bhem roku<\/h3><div><ul><li>4x ro\u010dn\u011b celo\u0161koln\u00ed m\u0161e svat\u00e1, b\u011bhem kter\u00e9 se modl\u00edme za celou \u0161kolu<ul><li>pro kluky mo\u017enost ministrov\u00e1n\u00ed na bohoslu\u017eb\u00e1ch<\/li><li>pro holky mo\u017enost \u010d\u00edst b\u011bhem bohoslu\u017eby<\/li><\/ul><\/li><li>1x za rok no\u010dn\u00ed putov\u00e1n\u00ed pro kluky 7.-9.&nbsp;t\u0159\u00eddy<\/li><li>1x za rok no\u010dn\u00ed putov\u00e1n\u00ed pro holky 7.-9.&nbsp;t\u0159\u00eddy<\/li><li>d\u00e1le d\u00e1v\u00e1m mo\u017enost<ul><li>duchovn\u00edho rozhovoru<\/li><li>zpov\u011bdi<\/li><li>modlitby na konkr\u00e9tn\u00ed \u00fa\u010del<\/li><\/ul><\/li><\/ul><h3>T\u00fddenn\u00ed aktivity<\/h3><ul><li>Ka\u017ed\u00fd \u010dtvrtek o&nbsp;velk\u00e9 p\u0159est\u00e1vce spole\u010dn\u00e1 modlitba ve \u0161koln\u00ed kapli, zvl\u00e1\u0161t\u011b pro I. stupe\u0148<\/li><li>Ka\u017edou st\u0159edu od 7.15 hod. m\u0161e svat\u00e1 ve \u0161koln\u00ed kapli za jednotliv\u00e9 t\u0159\u00eddy a&nbsp;zam\u011bstnance \u0161koly<\/li><li>Ka\u017edou st\u0159edu sn\u00eddan\u011b v&nbsp;kl\u00e1\u0161te\u0159e pro cel\u00e9 t\u0159\u00eddy i&nbsp;jejich t\u0159\u00eddn\u00ed<ul><li>spole\u010dn\u00fd \u010das mimo \u0161kolu s&nbsp;celou t\u0159\u00eddou<\/li><li>aktivity s&nbsp;c\u00edlem zlep\u0161it komunikaci ve t\u0159\u00edd\u011b<\/li><li>modlitba za t\u0159\u00eddu<\/li><\/ul><\/li><li>Ka\u017ed\u00fd p\u00e1tek o\u00a0velk\u00e9 p\u0159est\u00e1vce filmov\u00e9 \u201ezamy\u0161len\u00ed na v\u00edkend\u201c ve \u0161koln\u00ed kapli, zvl\u00e1\u0161t\u011b pro II. stupe\u0148<\/li><\/ul><div class=\"yj6qo\">\u00a0<\/div><\/div>\t\t\t\t\t\t\t\t<\/div>\n\t\t\t\t<\/div>\n\t\t\t\t\t<\/div>\n\t\t<\/div>\n\t\t\t\t\t<\/div>\n\t\t<\/section>\n\t\t\t\t<\/div>\n\t\t","protected":false},"excerpt":{"rendered":"<p>Z duchovn\u00edho \u017eivota na CZ\u0160 2025\/2026 \u00a0 Spiritu\u00e1l (\u0161koln\u00ed kaplan): Bc. Kasal Pavel Kontakt: kasal@bigy-cb.cz \u00a0 &#8222;\u0160koln\u00ed spiritu\u00e1l je n\u011bkdo, kdo \u0161kolu a&nbsp;lidi v&nbsp;n\u00ed prov\u00e1z\u00ed v&nbsp;modlitb\u011b a&nbsp;p\u0159edkl\u00e1d\u00e1 pot\u0159eby v\u0161ech Bohu&#8220;\u00a0Sou\u010d\u00e1st\u00ed<a class=\"more-link\" href=\"https:\/\/bigycb.cz\/czs\/duchovni-zivot\/\">Continue reading <span class=\"screen-reader-text\">&#8222;Duchovn\u00ed \u017eivot&#8220;<\/span><\/a><\/p>\n","protected":false},"author":1,"featured_media":0,"parent":0,"menu_order":0,"comment_status":"closed","ping_status":"closed","template":"","meta":{"xn-wppe-expiration":[],"xn-wppe-expiration-action":[],"xn-wppe-expiration-prefix":[],"footnotes":""},"class_list":["post-1020","page","type-page","status-publish","hentry","entry"],"jetpack_sharing_enabled":true,"_links":{"self":[{"href":"https:\/\/bigycb.cz\/czs\/wp-json\/wp\/v2\/pages\/1020","targetHints":{"allow":["GET"]}}],"collection":[{"href":"https:\/\/bigycb.cz\/czs\/wp-json\/wp\/v2\/pages"}],"about":[{"href":"https:\/\/bigycb.cz\/czs\/wp-json\/wp\/v2\/types\/page"}],"author":[{"embeddable":true,"href":"https:\/\/bigycb.cz\/czs\/wp-json\/wp\/v2\/users\/1"}],"replies":[{"embeddable":true,"href":"https:\/\/bigycb.cz\/czs\/wp-json\/wp\/v2\/comments?post=1020"}],"version-history":[{"count":40,"href":"https:\/\/bigycb.cz\/czs\/wp-json\/wp\/v2\/pages\/1020\/revisions"}],"predecessor-version":[{"id":5053,"href":"https:\/\/bigycb.cz\/czs\/wp-json\/wp\/v2\/pages\/1020\/revisions\/5053"}],"wp:attachment":[{"href":"https:\/\/bigycb.cz\/czs\/wp-json\/wp\/v2\/media?parent=1020"}],"curies":[{"name":"wp","href":"https:\/\/api.w.org\/{rel}","templated":true}]}}

Duchovní život

<div data-elementor-type="wp-page" data-elementor-id="1020" class="elementor elementor-1020" data-elementor-post-type="page">
						<section class="elementor-section elementor-top-section elementor-element elementor-element-0bc36d8 elementor-section-boxed elementor-section-height-default elementor-section-height-default" data-id="0bc36d8" data-element_type="section" data-e-type="section">
						<div class="elementor-container elementor-column-gap-default">
					<div class="elementor-column elementor-col-100 elementor-top-column elementor-element elementor-element-c641a88" data-id="c641a88" data-element_type="column" data-e-type="column">
			<div class="elementor-widget-wrap elementor-element-populated">
						<div class="elementor-element elementor-element-c033471 elementor-widget elementor-widget-text-editor" data-id="c033471" data-element_type="widget" data-e-type="widget" data-widget_type="text-editor.default">
				<div class="elementor-widget-container">
									<h3><span style="color: #53595f;"><strong>Z duchovního života na CZŠ 2025/2026</strong></span></h3><div><span style="color: #53595f;"><strong> </strong></span></div><h6><span style="font-size: 18pt;"><strong>Spirituál (školní kaplan): <span style="color: #e04644;">Bc. Kasal Pavel</span></strong></span></h6><h6><span style="font-size: 18pt;"><strong>Kontakt:</strong> <span style="color: #e04644;">kasal@bigy-cb.cz</span></span></h6><h3><span style="color: #53595f;"><strong> </strong></span></h3><div><strong><em>&#8222;Školní spirituál je někdo, kdo školu a&nbsp;lidi v&nbsp;ní provází v&nbsp;modlitbě a&nbsp;předkládá potřeby všech Bohu&#8220;</em></strong></div><div> </div><div style="padding-left: 40px;"><em>Součástí duchovního programu na škole je:</em></div><div> </div><h3>Aktivity během roku</h3><div><ul><li>4x ročně celoškolní mše svatá, během které se modlíme za celou školu<ul><li>pro kluky možnost ministrování na bohoslužbách</li><li>pro holky možnost číst během bohoslužby</li></ul></li><li>1x za rok noční putování pro kluky 7.-9.&nbsp;třídy</li><li>1x za rok noční putování pro holky 7.-9.&nbsp;třídy</li><li>dále dávám možnost<ul><li>duchovního rozhovoru</li><li>zpovědi</li><li>modlitby na konkrétní účel</li></ul></li></ul><h3>Týdenní aktivity</h3><ul><li>Každý čtvrtek o&nbsp;velké přestávce společná modlitba ve školní kapli, zvláště pro I. stupeň</li><li>Každou středu od 7.15 hod. mše svatá ve školní kapli za jednotlivé třídy a&nbsp;zaměstnance školy</li><li>Každou středu snídaně v&nbsp;klášteře pro celé třídy i&nbsp;jejich třídní<ul><li>společný čas mimo školu s&nbsp;celou třídou</li><li>aktivity s&nbsp;cílem zlepšit komunikaci ve třídě</li><li>modlitba za třídu</li></ul></li><li>Každý pátek o velké přestávce filmové „zamyšlení na víkend“ ve školní kapli, zvláště pro II. stupeň</li></ul><div class="yj6qo"> </div></div>								</div>
				</div>
					</div>
		</div>
					</div>
		</section>
				</div>

<p>Z duchovního života na CZŠ 2025/2026   Spirituál (školní kaplan): Bc. Kasal Pavel Kontakt: kasal@bigy-cb.cz   &#8222;Školní spirituál je někdo, kdo školu a&nbsp;lidi v&nbsp;ní provází v&nbsp;modlitbě a&nbsp;předkládá potřeby všech Bohu&#8220; Součástí<a class="more-link" href="https://bigycb.cz/czs/duchovni-zivot/">Continue reading <span class="screen-reader-text">&#8222;Duchovní život&#8220;</span></a></p>
