{"id":11512,"date":"2026-04-09T11:52:51","date_gmt":"2026-04-09T09:52:51","guid":{"rendered":"https:\/\/bigycb.cz\/bigy\/?post_type=tribe_events&#038;p=11512"},"modified":"2026-04-09T11:52:51","modified_gmt":"2026-04-09T09:52:51","slug":"navsteva-poslanecke-snemovny-cr","status":"publish","type":"tribe_events","link":"https:\/\/bigycb.cz\/bigy\/kalendar\/navsteva-poslanecke-snemovny-cr\/","title":{"rendered":"N\u00e1v\u0161t\u011bva Poslaneck\u00e9 sn\u011bmovny \u010cR"},"content":{"rendered":"<p>Pro t\u0159\u00eddu 7.A.<\/p>\n","protected":false},"excerpt":{"rendered":"<p>Pro t\u0159\u00eddu 7.A.<\/p>\n","protected":false},"author":2,"featured_media":0,"template":"","meta":{"_tribe_events_status":"","_tribe_events_status_reason":"","footnotes":""},"tags":[],"tribe_events_cat":[],"class_list":["post-11512","tribe_events","type-tribe_events","status-publish","hentry","odd"],"_links":{"self":[{"href":"https:\/\/bigycb.cz\/bigy\/wp-json\/wp\/v2\/tribe_events\/11512","targetHints":{"allow":["GET"]}}],"collection":[{"href":"https:\/\/bigycb.cz\/bigy\/wp-json\/wp\/v2\/tribe_events"}],"about":[{"href":"https:\/\/bigycb.cz\/bigy\/wp-json\/wp\/v2\/types\/tribe_events"}],"author":[{"embeddable":true,"href":"https:\/\/bigycb.cz\/bigy\/wp-json\/wp\/v2\/users\/2"}],"version-history":[{"count":1,"href":"https:\/\/bigycb.cz\/bigy\/wp-json\/wp\/v2\/tribe_events\/11512\/revisions"}],"predecessor-version":[{"id":11513,"href":"https:\/\/bigycb.cz\/bigy\/wp-json\/wp\/v2\/tribe_events\/11512\/revisions\/11513"}],"wp:attachment":[{"href":"https:\/\/bigycb.cz\/bigy\/wp-json\/wp\/v2\/media?parent=11512"}],"wp:term":[{"taxonomy":"post_tag","embeddable":true,"href":"https:\/\/bigycb.cz\/bigy\/wp-json\/wp\/v2\/tags?post=11512"},{"taxonomy":"tribe_events_cat","embeddable":true,"href":"https:\/\/bigycb.cz\/bigy\/wp-json\/wp\/v2\/tribe_events_cat?post=11512"}],"curies":[{"name":"wp","href":"https:\/\/api.w.org\/{rel}","templated":true}]}}

Návštěva Poslanecké sněmovny ČR

<p>Pro třídu 7.A.</p>
