{"id":8376,"date":"2024-10-03T09:43:28","date_gmt":"2024-10-03T07:43:28","guid":{"rendered":"https:\/\/bigycb.cz\/bigy\/?page_id=8376"},"modified":"2024-10-03T09:43:28","modified_gmt":"2024-10-03T07:43:28","slug":"domov-pro-seniory-hvizdal","status":"publish","type":"page","link":"https:\/\/bigycb.cz\/bigy\/aktivity-skoly\/charitativni-cinnost\/domov-pro-seniory-hvizdal\/","title":{"rendered":"Domov pro seniory Hv\u00edzdal"},"content":{"rendered":"<h1>Domov pro seniory Hv\u00edzdal<\/h1>\n<p>V domovech pro seniory jsou babi\u010dky a d\u011bde\u010dkov\u00e9, kte\u0159\u00ed \u010dasto nemaj\u00ed nikoho, s k\u00fdm by si mohli popov\u00eddat, vyj\u00edt na proch\u00e1zku nebo si zahr\u00e1t n\u011bjakou spole\u010denskou hru. Domov pro seniory Hv\u00edzdal nab\u00edz\u00ed pro studenty na\u0161eho gymn\u00e1zia (15+) mo\u017enost odpoledn\u00edch n\u00e1v\u0161t\u011bv, v \u010dasov\u00e9m rozp\u011bt\u00ed od 14:00 \u2013 15:30 hod.<\/p>\n<p>K tomuto dobrovolnictv\u00ed Ti tak sta\u010d\u00ed t\u0159eba jen zhruba 2 hodiny za t\u00fdden, kter\u00e9 m\u016f\u017ee\u0161 v\u011bnovat n\u011bkomu, kdo to skute\u010dn\u011b ocen\u00ed. Dobrovolnick\u00e1 \u010dinnost bude prob\u00edhat v\u017edy v koordinaci s aktiviza\u010dn\u00edmi pracovn\u00edky domova, tak\u017ee se nemus\u00edte b\u00e1t, \u017ee byste na to byli \u00fapln\u011b sami.<\/p>\n<blockquote><p>Pokud T\u011b n\u011bkter\u00e1 z t\u011bchto nab\u00eddek dobrovolnictv\u00ed zaujala, kontaktuj pan\u00ed u\u010ditelku Veroniku Bla\u017eek I\u0148ovou (<a href=\"mailto:inova@bigy-cb.cz\">inova@bigy-cb.cz<\/a>, kabinet francouz\u0161tiny).<\/p><\/blockquote>\n<p>\u25b6 <strong><a href=\"https:\/\/www.dpshvizdal.cz\/\" target=\"_blank\" rel=\"noopener\">www.dpshvizdal.cz<\/a><\/strong><\/p>\n","protected":false},"excerpt":{"rendered":"<p>Domov pro seniory Hv\u00edzdal V domovech pro seniory jsou babi\u010dky a d\u011bde\u010dkov\u00e9, kte\u0159\u00ed \u010dasto nemaj\u00ed nikoho, s k\u00fdm by si&nbsp;<a href=\"https:\/\/bigycb.cz\/bigy\/aktivity-skoly\/charitativni-cinnost\/domov-pro-seniory-hvizdal\/\">&hellip;<\/a><\/p>\n","protected":false},"author":1,"featured_media":0,"parent":726,"menu_order":0,"comment_status":"closed","ping_status":"closed","template":"template-sidebar-right-childpages.php","meta":{"footnotes":""},"class_list":["post-8376","page","type-page","status-publish","hentry","odd"],"_links":{"self":[{"href":"https:\/\/bigycb.cz\/bigy\/wp-json\/wp\/v2\/pages\/8376","targetHints":{"allow":["GET"]}}],"collection":[{"href":"https:\/\/bigycb.cz\/bigy\/wp-json\/wp\/v2\/pages"}],"about":[{"href":"https:\/\/bigycb.cz\/bigy\/wp-json\/wp\/v2\/types\/page"}],"author":[{"embeddable":true,"href":"https:\/\/bigycb.cz\/bigy\/wp-json\/wp\/v2\/users\/1"}],"replies":[{"embeddable":true,"href":"https:\/\/bigycb.cz\/bigy\/wp-json\/wp\/v2\/comments?post=8376"}],"version-history":[{"count":1,"href":"https:\/\/bigycb.cz\/bigy\/wp-json\/wp\/v2\/pages\/8376\/revisions"}],"predecessor-version":[{"id":8377,"href":"https:\/\/bigycb.cz\/bigy\/wp-json\/wp\/v2\/pages\/8376\/revisions\/8377"}],"up":[{"embeddable":true,"href":"https:\/\/bigycb.cz\/bigy\/wp-json\/wp\/v2\/pages\/726"}],"wp:attachment":[{"href":"https:\/\/bigycb.cz\/bigy\/wp-json\/wp\/v2\/media?parent=8376"}],"curies":[{"name":"wp","href":"https:\/\/api.w.org\/{rel}","templated":true}]}}