{"id":8372,"date":"2024-10-03T09:34:28","date_gmt":"2024-10-03T07:34:28","guid":{"rendered":"https:\/\/bigycb.cz\/bigy\/?page_id=8372"},"modified":"2024-10-03T09:34:42","modified_gmt":"2024-10-03T07:34:42","slug":"kytarovy-krouzek","status":"publish","type":"page","link":"https:\/\/bigycb.cz\/bigy\/aktivity-skoly\/charitativni-cinnost\/kytarovy-krouzek\/","title":{"rendered":"Kytarov\u00fd krou\u017eek"},"content":{"rendered":"<h1>Kytarov\u00fd krou\u017eek<\/h1>\n<p>Hraje\u0161-li obstojn\u011b na kytaru a r\u00e1d\/a zp\u00edv\u00e1\u0161, m\u016f\u017ee\u0161 nab\u00eddnout hodinu sv\u00e9ho t\u00fddenn\u00edho \u010dasu mal\u00e9 skupince d\u011bt\u00ed (v po\u010dtu 2-5), kter\u00e9 by se r\u00e1dy nau\u010dily trochu hr\u00e1t na kytaru, ale nemaj\u00ed doma dostate\u010dnou podporu k\u00a0tomu, aby tuto svou touhu mohly naplnit.<\/p>\n<p>Krou\u017eek je mo\u017en\u00e9 realizovat v\u00a0klubovn\u011b v\u00a0are\u00e1lu \u0161kolsk\u00fdch sester Na Sadech 19, jsou zde k\u00a0dispozici kytary k\u00a0zap\u016fj\u010den\u00ed d\u011btem a koordinaci zaji\u0161\u0165uje pan\u00ed u\u010ditelka Dana Jak\u0161i\u010dov\u00e1. Na ni sm\u011b\u0159ujte p\u0159\u00edpadn\u00e9 dotazy (<a href=\"mailto:jaksicova@bigy-cb.cz\">jaksicova@bigy-cb.cz<\/a>).<\/p>\n","protected":false},"excerpt":{"rendered":"<p>Kytarov\u00fd krou\u017eek Hraje\u0161-li obstojn\u011b na kytaru a r\u00e1d\/a zp\u00edv\u00e1\u0161, m\u016f\u017ee\u0161 nab\u00eddnout hodinu sv\u00e9ho t\u00fddenn\u00edho \u010dasu mal\u00e9 skupince d\u011bt\u00ed (v po\u010dtu&nbsp;<a href=\"https:\/\/bigycb.cz\/bigy\/aktivity-skoly\/charitativni-cinnost\/kytarovy-krouzek\/\">&hellip;<\/a><\/p>\n","protected":false},"author":1,"featured_media":0,"parent":726,"menu_order":0,"comment_status":"closed","ping_status":"closed","template":"template-sidebar-right-childpages.php","meta":{"footnotes":""},"class_list":["post-8372","page","type-page","status-publish","hentry","odd"],"_links":{"self":[{"href":"https:\/\/bigycb.cz\/bigy\/wp-json\/wp\/v2\/pages\/8372","targetHints":{"allow":["GET"]}}],"collection":[{"href":"https:\/\/bigycb.cz\/bigy\/wp-json\/wp\/v2\/pages"}],"about":[{"href":"https:\/\/bigycb.cz\/bigy\/wp-json\/wp\/v2\/types\/page"}],"author":[{"embeddable":true,"href":"https:\/\/bigycb.cz\/bigy\/wp-json\/wp\/v2\/users\/1"}],"replies":[{"embeddable":true,"href":"https:\/\/bigycb.cz\/bigy\/wp-json\/wp\/v2\/comments?post=8372"}],"version-history":[{"count":2,"href":"https:\/\/bigycb.cz\/bigy\/wp-json\/wp\/v2\/pages\/8372\/revisions"}],"predecessor-version":[{"id":8374,"href":"https:\/\/bigycb.cz\/bigy\/wp-json\/wp\/v2\/pages\/8372\/revisions\/8374"}],"up":[{"embeddable":true,"href":"https:\/\/bigycb.cz\/bigy\/wp-json\/wp\/v2\/pages\/726"}],"wp:attachment":[{"href":"https:\/\/bigycb.cz\/bigy\/wp-json\/wp\/v2\/media?parent=8372"}],"curies":[{"name":"wp","href":"https:\/\/api.w.org\/{rel}","templated":true}]}}