{"id":8367,"date":"2024-10-03T09:30:42","date_gmt":"2024-10-03T07:30:42","guid":{"rendered":"https:\/\/bigycb.cz\/bigy\/?page_id=8367"},"modified":"2024-10-03T09:31:07","modified_gmt":"2024-10-03T07:31:07","slug":"doucovani-deti-ze-zs","status":"publish","type":"page","link":"https:\/\/bigycb.cz\/bigy\/aktivity-skoly\/charitativni-cinnost\/doucovani-deti-ze-zs\/","title":{"rendered":"Dou\u010dov\u00e1n\u00ed d\u011bt\u00ed ze Z\u0160"},"content":{"rendered":"<h1>Dou\u010dov\u00e1n\u00ed d\u011bt\u00ed ze Z\u0160<\/h1>\n<p>Gymnazist\u00e9 nab\u00edzej\u00ed jednou t\u00fddn\u011b na hodinu <strong>bezplatn\u00e9 individu\u00e1ln\u00ed dou\u010dov\u00e1n\u00ed \u017e\u00e1k\u016fm z\u00e1kladn\u00edch \u0161kol<\/strong>, kte\u0159\u00ed to pot\u0159ebuj\u00ed a nemaj\u00ed doma dostate\u010dnou podporu.<\/p>\n<blockquote><p>Pro v\u00edce informac\u00ed kontaktujte pan\u00ed u\u010ditelku Danu Jak\u0161i\u010dovou (<a href=\"mailto:jaksicova@bigy-cb.cz\">jaksicova@bigy-cb.cz<\/a>)<\/p><\/blockquote>\n","protected":false},"excerpt":{"rendered":"<p>Dou\u010dov\u00e1n\u00ed d\u011bt\u00ed ze Z\u0160 Gymnazist\u00e9 nab\u00edzej\u00ed jednou t\u00fddn\u011b na hodinu bezplatn\u00e9 individu\u00e1ln\u00ed dou\u010dov\u00e1n\u00ed \u017e\u00e1k\u016fm z\u00e1kladn\u00edch \u0161kol, kte\u0159\u00ed to pot\u0159ebuj\u00ed a&nbsp;<a href=\"https:\/\/bigycb.cz\/bigy\/aktivity-skoly\/charitativni-cinnost\/doucovani-deti-ze-zs\/\">&hellip;<\/a><\/p>\n","protected":false},"author":1,"featured_media":0,"parent":726,"menu_order":0,"comment_status":"closed","ping_status":"closed","template":"template-sidebar-right-childpages.php","meta":{"footnotes":""},"class_list":["post-8367","page","type-page","status-publish","hentry","odd"],"_links":{"self":[{"href":"https:\/\/bigycb.cz\/bigy\/wp-json\/wp\/v2\/pages\/8367","targetHints":{"allow":["GET"]}}],"collection":[{"href":"https:\/\/bigycb.cz\/bigy\/wp-json\/wp\/v2\/pages"}],"about":[{"href":"https:\/\/bigycb.cz\/bigy\/wp-json\/wp\/v2\/types\/page"}],"author":[{"embeddable":true,"href":"https:\/\/bigycb.cz\/bigy\/wp-json\/wp\/v2\/users\/1"}],"replies":[{"embeddable":true,"href":"https:\/\/bigycb.cz\/bigy\/wp-json\/wp\/v2\/comments?post=8367"}],"version-history":[{"count":2,"href":"https:\/\/bigycb.cz\/bigy\/wp-json\/wp\/v2\/pages\/8367\/revisions"}],"predecessor-version":[{"id":8369,"href":"https:\/\/bigycb.cz\/bigy\/wp-json\/wp\/v2\/pages\/8367\/revisions\/8369"}],"up":[{"embeddable":true,"href":"https:\/\/bigycb.cz\/bigy\/wp-json\/wp\/v2\/pages\/726"}],"wp:attachment":[{"href":"https:\/\/bigycb.cz\/bigy\/wp-json\/wp\/v2\/media?parent=8367"}],"curies":[{"name":"wp","href":"https:\/\/api.w.org\/{rel}","templated":true}]}}