{"id":8296,"date":"2024-09-24T16:40:06","date_gmt":"2024-09-24T14:40:06","guid":{"rendered":"https:\/\/bigycb.cz\/bigy\/?page_id=8296"},"modified":"2024-10-02T11:20:14","modified_gmt":"2024-10-02T09:20:14","slug":"charita","status":"publish","type":"page","link":"https:\/\/bigycb.cz\/bigy\/aktivity-skoly\/charitativni-cinnost\/charita\/","title":{"rendered":"Charita"},"content":{"rendered":"<p>[vc_row][vc_column][vc_custom_heading text=&#8221;Charita&#8221; font_container=&#8221;tag:h1|text_align:left&#8221; use_theme_fonts=&#8221;yes&#8221;][vc_custom_heading text=&#8221;Charitativn\u00ed projekty, kde u\u017e pom\u00e1h\u00e1me:&#8221; font_container=&#8221;tag:h4|text_align:left&#8221; use_theme_fonts=&#8221;yes&#8221; css=&#8221;.vc_custom_1727189739507{padding-bottom: 15px !important;}&#8221;][\/vc_column][\/vc_row][vc_row css=&#8221;.vc_custom_1727189833457{background-color: #f4f4f4 !important;}&#8221;][vc_column width=&#8221;1\/4&#8243;][vc_single_image image=&#8221;8297&#8243;][\/vc_column][vc_column width=&#8221;3\/4&#8243;][vc_column_text]<strong>Mary\u2019s Meals<\/strong> je charitativn\u00ed organizace, kter\u00e1 poskytuje \u0161koln\u00ed stravov\u00e1n\u00ed v 18 rozvojov\u00fdch zem\u00edch. Ka\u017ed\u00fd den zaji\u0161\u0165uje j\u00eddlo pro 2 429 182 d\u011bt\u00ed, pro mnoh\u00e9 z nich je to \u010dasto jedin\u00fd pokrm za cel\u00fd den. Tento program zvy\u0161uje \u0161koln\u00ed doch\u00e1zku, proto\u017ee d\u011bti p\u0159ich\u00e1zej\u00ed do \u0161koly kv\u016fli j\u00eddlu. Suroviny organizace nakupuje levn\u011b od m\u00edstn\u00edch farm\u00e1\u0159\u016f a j\u00eddlo p\u0159ipravuj\u00ed dobrovoln\u00edci, co\u017e sni\u017euje n\u00e1klady. Pouh\u00fdch 550 K\u010d nasyt\u00ed d\u00edt\u011b na cel\u00fd \u0161koln\u00ed rok. Na\u0161e \u0161kola se zapojila do Sv\u011btov\u00e9ho dne ka\u0161e, kdy studenti ochutnali kuku\u0159i\u010dnou ka\u0161i, kter\u00e1 je pro mnoho africk\u00fdch d\u011bt\u00ed jedin\u00fdm j\u00eddlem dne. Pl\u00e1nujeme z\u00edsk\u00e1vat podporu tak\u00e9 prost\u0159ednictv\u00edm akce Sva\u010dina na dvorku, kterou budou organizovat jednotliv\u00e9 t\u0159\u00eddy.[\/vc_column_text][\/vc_column][\/vc_row][vc_row css=&#8221;.vc_custom_1727189711857{border-top-width: 2px !important;border-top-color: #f2f2f2 !important;border-top-style: solid !important;}&#8221;][vc_column width=&#8221;1\/4&#8243;][vc_single_image image=&#8221;8301&#8243;][\/vc_column][vc_column width=&#8221;3\/4&#8243;][vc_column_text]<strong>Sb\u00edrka ke Dni veter\u00e1n\u016f<\/strong> prob\u00edh\u00e1 11. listopadu. Studenti se zapojuj\u00ed do sb\u00edrky v ulic\u00edch m\u011bsta, kde rozd\u00e1vaj\u00ed vl\u010d\u00ed m\u00e1ky jako symbol v\u00e1le\u010dn\u00fdch veter\u00e1n\u016f. V\u011bt\u0161ina v\u00fdt\u011b\u017eku bude v\u011bnov\u00e1na Centru pomoci Pam\u011bti n\u00e1roda, kter\u00e9 poskytuje stabiln\u00ed podporu v\u00e1le\u010dn\u00fdm veter\u00e1n\u016fm a dal\u0161\u00edm pam\u011btn\u00edk\u016fm.[\/vc_column_text][\/vc_column][\/vc_row][vc_row css=&#8221;.vc_custom_1727189853123{border-top-width: 2px !important;background-color: #f4f4f4 !important;border-top-color: #f2f2f2 !important;border-top-style: solid !important;}&#8221;][vc_column width=&#8221;1\/4&#8243;][vc_single_image image=&#8221;8321&#8243;][\/vc_column][vc_column width=&#8221;3\/4&#8243;][vc_column_text]<strong>T\u0159\u00edkr\u00e1lov\u00e1 sb\u00edrka<\/strong> je nejv\u011bt\u0161\u00ed charitativn\u00ed sb\u00edrkovou akc\u00ed u n\u00e1s. Na jej\u00edm pr\u016fb\u011bhu se pod\u00edlej\u00ed tis\u00edce dobrovoln\u00edk\u016f, v\u00fdnos putuje na pomoc lidem v nouzi prost\u0159ednictv\u00edm Charity \u010cesk\u00e1 republika, kter\u00e1 je po\u0159adatelem sb\u00edrky. Do t\u00e9to sb\u00edrky se zapojuj\u00ed i studenti na\u0161\u00ed \u0161koly, kdy v prvn\u00edm lednov\u00e9m t\u00fddnu chod\u00ed s pokladni\u010dkami v ulic\u00edch m\u011bsta.[\/vc_column_text][\/vc_column][\/vc_row][vc_row][vc_column width=&#8221;1\/4&#8243;][vc_single_image image=&#8221;8308&#8243; img_size=&#8221;full&#8221;][\/vc_column][vc_column width=&#8221;3\/4&#8243;][vc_column_text]<strong>Srd\u00ed\u010dkov\u00e9 dny<\/strong> u\u017e dneska \u0161irok\u00e1 ve\u0159ejnost dob\u0159e zn\u00e1 jako ve\u0159ejnou sb\u00edrku na pomoc rodin\u00e1m s v\u00e1\u017en\u011b nemocn\u00fdmi d\u011btmi. Studenti na\u0161\u00ed \u0161koly nab\u00edzej\u00ed sb\u00edrkov\u00e9 p\u0159edm\u011bty kolemjdouc\u00edm na ulic\u00edch. Sb\u00edrku, do kter\u00e9 se ka\u017edoro\u010dn\u011b v dubnu zapojujeme, organizuje obecn\u011b prosp\u011b\u0161n\u00e1 spole\u010dnost <strong>\u017divot d\u011btem<\/strong>.[\/vc_column_text][\/vc_column][\/vc_row][vc_row css=&#8221;.vc_custom_1727190153951{background-color: #f4f4f4 !important;}&#8221;][vc_column width=&#8221;1\/4&#8243;][vc_single_image image=&#8221;8309&#8243; img_size=&#8221;full&#8221;][\/vc_column][vc_column width=&#8221;3\/4&#8243;][vc_column_text]<strong>Diakonie Rolni\u010dka<\/strong> ji\u017e od roku 1994 pom\u00e1h\u00e1 d\u011btem i dosp\u011bl\u00fdm s ment\u00e1ln\u00edm a kombinovan\u00fdm posti\u017een\u00edm z cel\u00e9ho t\u00e1borsk\u00e9ho regionu. Na\u0161e \u0161kola se zapojuje do t\u00e9to ve\u0159ejn\u00e9 sb\u00edrky b\u011bhem Rolni\u010dkov\u00fdch dn\u016f.[\/vc_column_text][\/vc_column][\/vc_row][vc_row][vc_column width=&#8221;1\/4&#8243;][vc_single_image image=&#8221;8310&#8243; img_size=&#8221;full&#8221;][\/vc_column][vc_column width=&#8221;3\/4&#8243;][vc_column_text]<strong>\u010cesk\u00fd den proti rakovin\u011b<\/strong> je celon\u00e1rodn\u00ed sb\u00edrka, do kter\u00e9 se na\u0161e \u0161kola zapojuje v\u00a0m\u011bs\u00edci kv\u011btnu. Organizuje ji <strong>Liga proti rakovin\u011b Praha, <\/strong>neziskov\u00e1 organizace, kter\u00e1 byla zalo\u017eena ji\u017e v roce 1990. Jej\u00edmi \u010dleny jsou nejen onkologi\u010dt\u00ed pacienti a jejich rodinn\u00ed p\u0159\u00edslu\u0161n\u00edci, ale i ob\u010dan\u00e9 s humanit\u00e1rn\u00edm c\u00edt\u011bn\u00edm a zdravotn\u00edci. Hlavn\u00ed snahou t\u00e9to iniciativy je sn\u00ed\u017een\u00ed \u00famrtnosti na n\u00e1dorov\u00e1 onemocn\u011bn\u00ed v\u00a0\u010cesk\u00e9 republice.[\/vc_column_text][\/vc_column][\/vc_row][vc_row css=&#8221;.vc_custom_1727860401793{padding-top: 15px !important;padding-right: 15px !important;padding-bottom: 15px !important;padding-left: 15px !important;}&#8221;][vc_column][vc_separator][\/vc_column][\/vc_row][vc_row css=&#8221;.vc_custom_1727087833944{padding: 15px !important;background-color: #f2f2f2 !important;}&#8221;][vc_column][vc_media_grid element_width=&#8221;2&#8243; item=&#8221;mediaGrid_SimpleOverlay&#8221; grid_id=&#8221;vc_gid:1727860387374-eb4f2fc0-22d3-6&#8243; include=&#8221;8349,8350,8351,8352,8353,8354&#8243;][\/vc_column][\/vc_row]<\/p>\n","protected":false},"excerpt":{"rendered":"<p>[vc_row][vc_column][vc_custom_heading text=&#8221;Charita&#8221; font_container=&#8221;tag:h1|text_align:left&#8221; use_theme_fonts=&#8221;yes&#8221;][vc_custom_heading text=&#8221;Charitativn\u00ed projekty, kde u\u017e pom\u00e1h\u00e1me:&#8221; font_container=&#8221;tag:h4|text_align:left&#8221; use_theme_fonts=&#8221;yes&#8221; css=&#8221;.vc_custom_1727189739507{padding-bottom: 15px !important;}&#8221;][\/vc_column][\/vc_row][vc_row css=&#8221;.vc_custom_1727189833457{background-color: #f4f4f4 !important;}&#8221;][vc_column width=&#8221;1\/4&#8243;][vc_single_image image=&#8221;8297&#8243;][\/vc_column][vc_column width=&#8221;3\/4&#8243;][vc_column_text]Mary\u2019s&nbsp;<a href=\"https:\/\/bigycb.cz\/bigy\/aktivity-skoly\/charitativni-cinnost\/charita\/\">&hellip;<\/a><\/p>\n","protected":false},"author":1,"featured_media":0,"parent":726,"menu_order":0,"comment_status":"closed","ping_status":"closed","template":"template-sidebar-right-childpages.php","meta":{"footnotes":""},"class_list":["post-8296","page","type-page","status-publish","hentry","odd"],"_links":{"self":[{"href":"https:\/\/bigycb.cz\/bigy\/wp-json\/wp\/v2\/pages\/8296","targetHints":{"allow":["GET"]}}],"collection":[{"href":"https:\/\/bigycb.cz\/bigy\/wp-json\/wp\/v2\/pages"}],"about":[{"href":"https:\/\/bigycb.cz\/bigy\/wp-json\/wp\/v2\/types\/page"}],"author":[{"embeddable":true,"href":"https:\/\/bigycb.cz\/bigy\/wp-json\/wp\/v2\/users\/1"}],"replies":[{"embeddable":true,"href":"https:\/\/bigycb.cz\/bigy\/wp-json\/wp\/v2\/comments?post=8296"}],"version-history":[{"count":20,"href":"https:\/\/bigycb.cz\/bigy\/wp-json\/wp\/v2\/pages\/8296\/revisions"}],"predecessor-version":[{"id":8355,"href":"https:\/\/bigycb.cz\/bigy\/wp-json\/wp\/v2\/pages\/8296\/revisions\/8355"}],"up":[{"embeddable":true,"href":"https:\/\/bigycb.cz\/bigy\/wp-json\/wp\/v2\/pages\/726"}],"wp:attachment":[{"href":"https:\/\/bigycb.cz\/bigy\/wp-json\/wp\/v2\/media?parent=8296"}],"curies":[{"name":"wp","href":"https:\/\/api.w.org\/{rel}","templated":true}]}}