{"id":8252,"date":"2024-09-23T14:21:27","date_gmt":"2024-09-23T12:21:27","guid":{"rendered":"https:\/\/bigycb.cz\/bigy\/?page_id=8252"},"modified":"2024-09-24T14:34:33","modified_gmt":"2024-09-24T12:34:33","slug":"balicky-pro-bezdomovce","status":"publish","type":"page","link":"https:\/\/bigycb.cz\/bigy\/aktivity-skoly\/charitativni-cinnost\/balicky-pro-bezdomovce\/","title":{"rendered":"Bal\u00ed\u010dky pro bezdomovce"},"content":{"rendered":"<p>[vc_row][vc_column][vc_custom_heading text=&#8221;Bal\u00ed\u010dky pro bezdomovce&#8221; font_container=&#8221;tag:h1|text_align:left&#8221; use_theme_fonts=&#8221;yes&#8221;][vc_column_text]Ka\u017ed\u00fd rok \u017e\u00e1ci na\u0161\u00ed \u0161koly p\u0159ipravuj\u00ed d\u00e1rkov\u00e9 bal\u00ed\u010dky se z\u00e1kladn\u00edmi pot\u0159ebami a j\u00eddlem pro lidi bez domova. Tato iniciativa pom\u00e1h\u00e1 t\u011bm, kte\u0159\u00ed to nejv\u00edce pot\u0159ebuj\u00ed, a z\u00e1rove\u0148 studenty u\u010d\u00ed empatii a solidarit\u011b. Bal\u00ed\u010dky obsahuj\u00ed nezbytn\u00e9 v\u011bci jako potraviny, hygienick\u00e9 pot\u0159eby a dal\u0161\u00ed u\u017eite\u010dn\u00e9 p\u0159edm\u011bty.<\/p>\n<p>[\/vc_column_text][vc_column_text]\u25b6 <strong><a href=\"https:\/\/cbudejovice.charita.cz\/jak-pomahame\/centrum-pro-osoby-bez-domova-dum-sv-pavla\/dum-sv-pavla-azylovy-dum-pro-muze\/\">D\u016fm sv. Pavla \u2013 Azylov\u00fd d\u016fm pro mu\u017ee<\/a><\/strong>[\/vc_column_text][\/vc_column][\/vc_row][vc_row css=&#8221;.vc_custom_1727087833944{padding: 15px !important;background-color: #f2f2f2 !important;}&#8221;][vc_column][vc_media_grid element_width=&#8221;3&#8243; item=&#8221;mediaGrid_SimpleOverlay&#8221; grid_id=&#8221;vc_gid:1727181237983-ab31d527-7b91-8&#8243; include=&#8221;8253,8254&#8243;][\/vc_column][\/vc_row]<\/p>\n","protected":false},"excerpt":{"rendered":"<p>[vc_row][vc_column][vc_custom_heading text=&#8221;Bal\u00ed\u010dky pro bezdomovce&#8221; font_container=&#8221;tag:h1|text_align:left&#8221; use_theme_fonts=&#8221;yes&#8221;][vc_column_text]Ka\u017ed\u00fd rok \u017e\u00e1ci na\u0161\u00ed \u0161koly p\u0159ipravuj\u00ed d\u00e1rkov\u00e9 bal\u00ed\u010dky se z\u00e1kladn\u00edmi pot\u0159ebami a j\u00eddlem pro lidi&nbsp;<a href=\"https:\/\/bigycb.cz\/bigy\/aktivity-skoly\/charitativni-cinnost\/balicky-pro-bezdomovce\/\">&hellip;<\/a><\/p>\n","protected":false},"author":1,"featured_media":0,"parent":726,"menu_order":0,"comment_status":"closed","ping_status":"closed","template":"template-sidebar-right-childpages.php","meta":{"footnotes":""},"class_list":["post-8252","page","type-page","status-publish","hentry","odd"],"_links":{"self":[{"href":"https:\/\/bigycb.cz\/bigy\/wp-json\/wp\/v2\/pages\/8252","targetHints":{"allow":["GET"]}}],"collection":[{"href":"https:\/\/bigycb.cz\/bigy\/wp-json\/wp\/v2\/pages"}],"about":[{"href":"https:\/\/bigycb.cz\/bigy\/wp-json\/wp\/v2\/types\/page"}],"author":[{"embeddable":true,"href":"https:\/\/bigycb.cz\/bigy\/wp-json\/wp\/v2\/users\/1"}],"replies":[{"embeddable":true,"href":"https:\/\/bigycb.cz\/bigy\/wp-json\/wp\/v2\/comments?post=8252"}],"version-history":[{"count":2,"href":"https:\/\/bigycb.cz\/bigy\/wp-json\/wp\/v2\/pages\/8252\/revisions"}],"predecessor-version":[{"id":8295,"href":"https:\/\/bigycb.cz\/bigy\/wp-json\/wp\/v2\/pages\/8252\/revisions\/8295"}],"up":[{"embeddable":true,"href":"https:\/\/bigycb.cz\/bigy\/wp-json\/wp\/v2\/pages\/726"}],"wp:attachment":[{"href":"https:\/\/bigycb.cz\/bigy\/wp-json\/wp\/v2\/media?parent=8252"}],"curies":[{"name":"wp","href":"https:\/\/api.w.org\/{rel}","templated":true}]}}