{"id":6459,"date":"2024-03-05T10:45:28","date_gmt":"2024-03-05T09:45:28","guid":{"rendered":"https:\/\/bigycb.cz\/bigy\/?page_id=6459"},"modified":"2024-10-07T14:10:57","modified_gmt":"2024-10-07T12:10:57","slug":"nabozenstvi","status":"publish","type":"page","link":"https:\/\/bigycb.cz\/bigy\/predmetove-komise\/nabozenstvi\/","title":{"rendered":"N\u00e1bo\u017eenstv\u00ed"},"content":{"rendered":"<p>[vc_row][vc_column css=&#8221;.vc_custom_1490017614850{margin-bottom: 30px !important;}&#8221;][vc_custom_heading text=&#8221;N\u00e1bo\u017eenstv\u00ed&#8221; font_container=&#8221;tag:h1|text_align:left&#8221; use_theme_fonts=&#8221;yes&#8221; css=&#8221;.vc_custom_1708683328326{margin-top: 0px !important;margin-bottom: 20px !important;}&#8221;][\/vc_column][\/vc_row][vc_row css=&#8221;.vc_custom_1701531047147{background-color: #f2f2f2 !important;}&#8221;][vc_column width=&#8221;1\/2&#8243; css=&#8221;.vc_custom_1701859770904{margin-top: 0px !important;margin-right: 0px !important;margin-bottom: 0px !important;margin-left: 0px !important;padding-top: 0px !important;padding-right: 0px !important;padding-bottom: 0px !important;padding-left: 0px !important;}&#8221;]\n\t\t\t\t\t<div class=\"wh-theme-icon vc_custom_1699217723581  scp_theme_icon-0389e141ec2f1da1df14850ff1304d8f\">\n\t\t\t\t<i class=\"icon-edic_supervisor_account\"><\/i>\n\t\t\t<\/div>\n\t\t\t\t[vc_custom_heading text=&#8221;Vyu\u010duj\u00edc\u00ed&#8221; font_container=&#8221;tag:h4|text_align:left&#8221; use_theme_fonts=&#8221;yes&#8221; css=&#8221;.vc_custom_1699218683435{margin-bottom: 20px !important;padding-top: 10px !important;padding-left: 55px !important;}&#8221;][vc_column_text css=&#8221;.vc_custom_1728303052377{margin-bottom: 0px !important;padding-top: 0px !important;padding-right: 15px !important;padding-bottom: 0px !important;padding-left: 15px !important;}&#8221;]<\/p>\n<ul>\n<li><strong>Mgr. Jana Zasadilov\u00e1 (p\u0159edsedkyn\u011b)<\/strong><\/li>\n<li>P. <span class=\"abcfslSpanMP1\">Mgr.\u00a0<\/span><span class=\"abcfslSpanMP2\">Jan\u00a0<\/span><span class=\"abcfslSpanMP3\">Mike\u0161<\/span>, spiritu\u00e1l \u0161koly<\/li>\n<li>Mgr. Veronika Bla\u017eek I\u0148ov\u00e1, Ph.D.<\/li>\n<li>Mgr. Kate\u0159ina Brichc\u00ednov\u00e1, Th.D.<\/li>\n<li><span class=\"abcfslSpanMP1\">Mgr.\u00a0<\/span><span class=\"abcfslSpanMP2\">Zde\u0148ka\u00a0<\/span><span class=\"abcfslSpanMP3\">Turkov\u00e1<\/span><\/li>\n<\/ul>\n<p>[\/vc_column_text][vc_btn title=&#8221;Zobrazit kontakty \u00bb&#8221; style=&#8221;flat&#8221; shape=&#8221;square&#8221; color=&#8221;peacoc&#8221; size=&#8221;sm&#8221; align=&#8221;left&#8221; link=&#8221;url:https%3A%2F%2Fbigycb.cz%2Fbigy%2Fo-skole%2Fzamestnanci-skoly%2F%3Fstaff-category%3Ducitele&#8221; css=&#8221;.vc_custom_1708681070329{margin-top: 30px !important;margin-left: 25px !important;}&#8221;][\/vc_column][vc_column width=&#8221;1\/2&#8243; css=&#8221;.vc_custom_1701859666388{margin-bottom: 0px !important;padding-bottom: 0px !important;}&#8221; offset=&#8221;vc_col-sm-offset-0&#8243;][vc_single_image image=&#8221;6730&#8243; img_size=&#8221;full&#8221; alignment=&#8221;right&#8221; css=&#8221;.vc_custom_1714395242799{margin-bottom: 0px !important;padding-bottom: 0px !important;}&#8221;][\/vc_column][\/vc_row][vc_row css=&#8221;.vc_custom_1701531638223{margin-top: 35px !important;margin-bottom: 35px !important;}&#8221;][vc_column width=&#8221;1\/2&#8243;]\n\t\t\t\t\t<div class=\"wh-theme-icon vc_custom_1701531593973  scp_theme_icon-cdaeaa8bed73aa5874b9d289a0ab8a8d\">\n\t\t\t\t<i class=\"icon-edflask\"><\/i>\n\t\t\t<\/div>\n\t\t\t\t[vc_custom_heading text=&#8221;Charakteristika p\u0159edm\u011btu&#8221; font_container=&#8221;tag:h5|text_align:left|color:%23000000&#8243; use_theme_fonts=&#8221;yes&#8221; css=&#8221;.vc_custom_1699215631709{margin-bottom: 20px !important;padding-top: 10px !important;padding-left: 55px !important;}&#8221;][vc_column_text]\u0160koln\u00ed v\u00fduka n\u00e1bo\u017eenstv\u00ed vych\u00e1z\u00ed prim\u00e1rn\u011b z nauky \u0159\u00edmskokatolick\u00e9ho n\u00e1bo\u017eenstv\u00ed, ale p\u0159itom m\u00e1 nadkonfesn\u00ed charakter. Respektuje svobodu jednotliv\u00fdch \u017e\u00e1k\u016f ve vztahu k n\u00e1bo\u017eensk\u00e9 v\u00ed\u0159e a vych\u00e1z\u00ed ze z\u00e1kladn\u00edch ot\u00e1zek \u010dlov\u011bka spojen\u00fdch s hled\u00e1n\u00edm \u017eivotn\u00edho smyslu a ukazuje mo\u017enou cestu k jeho nalezen\u00ed. Nab\u00edz\u00ed pomoc pro hodnotovou orientaci v tomto sv\u011bt\u011b, zalo\u017eenou p\u0159edev\u0161\u00edm na hodnot\u00e1ch duchovn\u00edch. Na tato z\u00e1kladn\u00ed v\u00fdchodiska pak navazuj\u00ed dva hlavn\u00ed v\u00fdukov\u00e9 c\u00edle, z nich\u017e prvn\u00ed sleduje obsah u\u010diva a druh\u00fd m\u00e1 v\u00fdchovn\u00fd z\u00e1m\u011br. Obsahy jednotliv\u00fdch ro\u010dn\u00edk\u016f jsou rozd\u011bleny do tematick\u00fdch celk\u016f, z nich\u017e n\u011bkter\u00e9 se v r\u00e1mci pokra\u010duj\u00edc\u00edho studia na vy\u0161\u0161\u00edm stupni opakuj\u00ed, spir\u00e1lovit\u011b prohlubuj\u00ed a jsou propojov\u00e1ny do vz\u00e1jemn\u00fdch souvislost\u00ed. Hlavn\u00edm c\u00edlem \u0161koln\u00ed n\u00e1bo\u017eensk\u00e9 v\u00fdchovy v\u0161ak nen\u00ed pouze p\u0159ed\u00e1v\u00e1n\u00ed obsah\u016f, ale p\u0159edev\u0161\u00edm d\u016fraz na reflexi osobn\u00ed zku\u0161enosti \u017e\u00e1ka, z n\u00ed\u017e m\u016f\u017ee postupn\u011b vyr\u016fstat i zku\u0161enost n\u00e1bo\u017eensk\u00e1. Tyto kompetence pak \u017e\u00e1k\u016fm umo\u017en\u00ed orientovat se v multikulturn\u00edm prostoru evropsk\u00e9 spole\u010dnosti a objevit svoje vlastn\u00ed \u017eivotn\u00ed sm\u011b\u0159ov\u00e1n\u00ed.[\/vc_column_text][vc_row_inner][vc_column_inner width=&#8221;1\/2&#8243;][vc_btn title=&#8221;Voliteln\u00fd semin\u00e1\u0159&#8221; style=&#8221;classic&#8221; shape=&#8221;square&#8221; align=&#8221;left&#8221; i_icon_fontawesome=&#8221;fas fa-caret-right&#8221; button_block=&#8221;true&#8221; add_icon=&#8221;true&#8221; link=&#8221;url:https%3A%2F%2Fbigycb.cz%2Fbigy%2Fstudenti-a-rodice%2Fvolitelne-seminare%2F%23srel&#8221; css=&#8221;.vc_custom_1709207403699{margin-top: 0px !important;margin-left: 0px !important;}&#8221;][\/vc_column_inner][vc_column_inner width=&#8221;1\/2&#8243;][vc_btn title=&#8221;Maturitn\u00ed zkou\u0161ka&#8221; style=&#8221;classic&#8221; shape=&#8221;square&#8221; align=&#8221;left&#8221; i_icon_fontawesome=&#8221;fas fa-caret-right&#8221; button_block=&#8221;true&#8221; add_icon=&#8221;true&#8221; link=&#8221;url:https%3A%2F%2Fbigycb.cz%2Fbigy%2Fstudenti-a-rodice%2Fmaturitni-zkouska%2F|title:Maturitn%C3%AD%20zkou%C5%A1ka&#8221; css=&#8221;.vc_custom_1709207415943{margin-top: 0px !important;margin-left: 0px !important;}&#8221;][\/vc_column_inner][\/vc_row_inner][\/vc_column][vc_column width=&#8221;1\/2&#8243; css=&#8221;.vc_custom_1491471836694{margin-bottom: 0px !important;}&#8221;]\n\t\t\t\t\t<div class=\"wh-theme-icon vc_custom_1699215662014  scp_theme_icon-489ccd5d6db9029c39767ab7910ee91f\">\n\t\t\t\t<i class=\"icon-edtime\"><\/i>\n\t\t\t<\/div>\n\t\t\t\t[vc_custom_heading text=&#8221;\u010casov\u00e1 t\u00fddenn\u00ed dotace p\u0159edm\u011btu&#8221; font_container=&#8221;tag:h5|text_align:left|color:%23000000&#8243; use_theme_fonts=&#8221;yes&#8221; css=&#8221;.vc_custom_1709030683878{margin-bottom: 20px !important;padding-top: 10px !important;padding-left: 55px !important;}&#8221;][vc_tta_accordion shape=&#8221;square&#8221; color=&#8221;white&#8221; active_section=&#8221;&#8221; collapsible_all=&#8221;true&#8221;][vc_tta_section title=&#8221;Osmilet\u00e9 studium&#8221; tab_id=&#8221;1699217027004-c0215e8d-2aad&#8221;][vc_column_text]<\/p>\n<table>\n<tbody>\n<tr>\n<td width=\"75\"><strong>ro\u010d.<\/strong><\/td>\n<td width=\"75\">I.<\/td>\n<td width=\"76\">II.<\/td>\n<td width=\"76\">III.<\/td>\n<td width=\"76\">IV.<\/td>\n<td width=\"76\">V.<\/td>\n<td width=\"76\">VI.<\/td>\n<td width=\"76\">VII.<\/td>\n<\/tr>\n<tr>\n<td width=\"75\"><strong>hod.<\/strong><\/td>\n<td width=\"75\">1<\/td>\n<td width=\"76\">1<\/td>\n<td width=\"76\">1<\/td>\n<td width=\"76\">1<\/td>\n<td width=\"76\">1<\/td>\n<td width=\"76\">1<\/td>\n<td width=\"76\">1<\/td>\n<\/tr>\n<\/tbody>\n<\/table>\n<ul>\n<li>t\u0159\u00edda se d\u011bl\u00ed na dv\u011b \u010d\u00e1sti podle zvolen\u00e9ho p\u0159edm\u011btu (Et\/N\u00e1)<\/li>\n<\/ul>\n<p>[\/vc_column_text][\/vc_tta_section][vc_tta_section title=&#8221;\u0160estilet\u00e9 studium&#8221; tab_id=&#8221;1699217027021-fa992823-9822&#8243;][vc_column_text]<\/p>\n<table>\n<tbody>\n<tr>\n<td width=\"75\"><strong>ro\u010d.<\/strong><\/td>\n<td width=\"75\">I.<\/td>\n<td width=\"75\">II.<\/td>\n<td width=\"76\">III.<\/td>\n<td width=\"76\">IV.<\/td>\n<td width=\"76\">V.<\/td>\n<\/tr>\n<tr>\n<td width=\"75\"><strong>hod.<\/strong><\/td>\n<td width=\"75\">1<\/td>\n<td width=\"75\">1<\/td>\n<td width=\"76\">1<\/td>\n<td width=\"76\">1<\/td>\n<td width=\"76\">1<\/td>\n<\/tr>\n<\/tbody>\n<\/table>\n<ul>\n<li>t\u0159\u00edda se d\u011bl\u00ed na dv\u011b \u010d\u00e1sti podle zvolen\u00e9ho p\u0159edm\u011btu (Et\/N\u00e1)<\/li>\n<\/ul>\n<p>[\/vc_column_text][\/vc_tta_section][vc_tta_section title=&#8221;\u0160estilet\u00e9 bilingvn\u00ed studium&#8221; tab_id=&#8221;1709030723254-cd42981a-bee1&#8243;][vc_column_text]<\/p>\n<table>\n<tbody>\n<tr>\n<td width=\"75\"><strong>ro\u010d.<\/strong><\/td>\n<td width=\"75\">I.<\/td>\n<td width=\"75\">II.<\/td>\n<td width=\"76\">III.<\/td>\n<td width=\"76\">IV.<\/td>\n<td width=\"76\">V.<\/td>\n<\/tr>\n<tr>\n<td width=\"75\"><strong>hod.<\/strong><\/td>\n<td width=\"75\">1<\/td>\n<td width=\"75\">1<\/td>\n<td width=\"76\">1<\/td>\n<td width=\"76\">1<\/td>\n<td width=\"76\">1<\/td>\n<\/tr>\n<\/tbody>\n<\/table>\n<ul>\n<li>t\u0159\u00edda se d\u011bl\u00ed na dv\u011b \u010d\u00e1sti podle zvolen\u00e9ho p\u0159edm\u011btu (Et\/N\u00e1)<\/li>\n<\/ul>\n<p>[\/vc_column_text][\/vc_tta_section][vc_tta_section title=&#8221;\u010cty\u0159let\u00e9 studium&#8221; tab_id=&#8221;1699217284386-919907dc-43e3&#8243;][vc_column_text]<\/p>\n<table>\n<tbody>\n<tr>\n<td width=\"75\"><strong>ro\u010d.<\/strong><\/td>\n<td width=\"75\">I.<\/td>\n<td width=\"75\">II.<\/td>\n<td width=\"76\">III.<\/td>\n<\/tr>\n<tr>\n<td width=\"75\"><strong>hod.<\/strong><\/td>\n<td width=\"75\">1<\/td>\n<td width=\"75\">1<\/td>\n<td width=\"76\">1<\/td>\n<\/tr>\n<\/tbody>\n<\/table>\n<ul>\n<li>t\u0159\u00edda se d\u011bl\u00ed na dv\u011b \u010d\u00e1sti podle zvolen\u00e9ho p\u0159edm\u011btu (Et\/N\u00e1)<\/li>\n<\/ul>\n<p>[\/vc_column_text][\/vc_tta_section][\/vc_tta_accordion][\/vc_column][\/vc_row][vc_row css=&#8221;.vc_custom_1488897097455{padding-top: 10px !important;}&#8221;][vc_column][vc_separator color=&#8221;white&#8221; border_width=&#8221;4&#8243; css=&#8221;.vc_custom_1699218140987{margin-bottom: 0px !important;}&#8221;][\/vc_column][\/vc_row][vc_row full_width=&#8221;stretch_row&#8221; disable_element=&#8221;yes&#8221; css=&#8221;.vc_custom_1708683572322{background-color: #ededed !important;}&#8221;][vc_column css=&#8221;.vc_custom_1491470191130{margin-bottom: 0px !important;}&#8221;]\n\t\t\t\t\t<div class=\"wh-theme-icon vc_custom_1699218736388  scp_theme_icon-ad1c0f310d2ac00fa6e13d2e1d46b86d\">\n\t\t\t\t<i class=\"icon-edopen-book\"><\/i>\n\t\t\t<\/div>\n\t\t\t\t[vc_custom_heading text=&#8221;U\u010debnice, v\u00fdukov\u00e9 zdroje&#8221; font_container=&#8221;tag:h4|text_align:left&#8221; use_theme_fonts=&#8221;yes&#8221; css=&#8221;.vc_custom_1699217933988{margin-bottom: 20px !important;padding-top: 10px !important;padding-left: 55px !important;}&#8221;][vc_media_grid element_width=&#8221;3&#8243; grid_id=&#8221;vc_gid:1728303042182-d090fedf-8cf8-7&#8243; include=&#8221;4180,4179,4178,4177&#8243;][vc_column_text][\/vc_column_text][vc_column_text]<\/p>\n<ul>\n<li>U\u010debnice pro ni\u017e\u0161\u00ed gymn\u00e1zium &#8211; z edice Matematika pro ni\u017e\u0161\u00ed ro\u010dn\u00edky v\u00edcelet\u00fdch gymn\u00e1zi\u00ed, nakladatelstv\u00ed Prometheus, zap\u016fj\u010duje \u0161kola<\/li>\n<li>U\u010debnice pro vy\u0161\u0161\u00ed gymn\u00e1zium &#8211; z edice Matematika pro gymn\u00e1zia, nakladatelstv\u00ed Prometheus<\/li>\n<li>Z\u00e1kladn\u00ed poznatky z matematiky<\/li>\n<li>Rovnice a nerovnice<\/li>\n<li>Funkce<\/li>\n<li>Goniometrie<\/li>\n<li>Planimetrie<\/li>\n<li>Analytick\u00e1 geometrie<\/li>\n<li>Stereometrie<\/li>\n<li>Kombinatorika, pravd\u011bpodobnost, statistika<\/li>\n<li>Posloupnosti a \u0159ady<\/li>\n<li>Komplexn\u00ed \u010d\u00edsla<\/li>\n<\/ul>\n<p>[\/vc_column_text][\/vc_column][\/vc_row][vc_row css=&#8221;.vc_custom_1488897097455{padding-top: 10px !important;}&#8221;][vc_column css=&#8221;.vc_custom_1699219691642{padding: 20px !important;}&#8221;][vc_separator color=&#8221;white&#8221; border_width=&#8221;4&#8243; css=&#8221;.vc_custom_1699218140987{margin-bottom: 0px !important;}&#8221;][\/vc_column][\/vc_row][vc_row][vc_column width=&#8221;1\/2&#8243; css=&#8221;.vc_custom_1491470191130{margin-bottom: 0px !important;}&#8221;]\n\t\t\t\t\t<div class=\"wh-theme-icon vc_custom_1699219217176  scp_theme_icon-7d46c3c53898bc3e3c6e0067b81b72a4\">\n\t\t\t\t<i class=\"icon-edcup\"><\/i>\n\t\t\t<\/div>\n\t\t\t\t[vc_custom_heading text=&#8221;Projekty a sout\u011b\u017ee&#8221; font_container=&#8221;tag:h4|text_align:left&#8221; use_theme_fonts=&#8221;yes&#8221; css=&#8221;.vc_custom_1699219137756{margin-bottom: 20px !important;padding-top: 10px !important;padding-left: 55px !important;}&#8221;][vc_column_text]Duchovn\u00ed \u017eivot na Bigy: adapta\u010dn\u00ed kurzy; Studentsk\u00e9 st\u0159edy; pravideln\u00e9 \u0161koln\u00ed m\u0161e (pro jednotliv\u00e9 t\u0159\u00eddy, p\u0159i slavnostn\u00edch p\u0159\u00edle\u017eitostech,&#8230;); duchovn\u00ed programy a sn\u00eddan\u011b v kl\u00e1\u0161te\u0159e,&#8230;<br \/>\nCharitativn\u00ed a dobrovolnick\u00e9 projekty, nap\u0159.: Sn\u00eddan\u011b na dvorku; pe\u010den\u00ed pern\u00ed\u010dk\u016f s d\u011btmi z centra Arpida; divadeln\u00ed p\u0159edstaven\u00ed pro seniory; zp\u00edv\u00e1n\u00ed v\u00e1no\u010dn\u00edch koled se seniory; sb\u00edrka knih a hra\u010dek pro d\u011bti z d\u011btsk\u00fdch domov\u016f a p\u011bstounsk\u00fdch rodin; Den d\u011bt\u00ed pro d\u011bti z DD Bor\u0161ov; T\u0159\u00edkr\u00e1lov\u00e1 sb\u00edrka a mnoh\u00e9 dal\u0161\u00ed.<br \/>\nDiskuse s odborn\u00edky z oblasti teologie, religionistiky, etiky \u010di filosofie; p\u0159edn\u00e1\u0161ky, workshopy, preventivn\u00ed programy; setk\u00e1n\u00ed a diskuse s p\u0159edstaviteli n\u00e1bo\u017eensk\u00fdch a filosofick\u00fdch sm\u011br\u016f.[\/vc_column_text][\/vc_column][vc_column width=&#8221;1\/2&#8243;]\n\t\t\t\t\t<div class=\"wh-theme-icon vc_custom_1699219452175  scp_theme_icon-74ec9114453c2a71fe77e48fa0050817\">\n\t\t\t\t<i class=\"icon-edforest\"><\/i>\n\t\t\t<\/div>\n\t\t\t\t[vc_custom_heading text=&#8221;Exkurze&#8221; font_container=&#8221;tag:h4|text_align:left&#8221; use_theme_fonts=&#8221;yes&#8221; css=&#8221;.vc_custom_1699219397656{margin-bottom: 20px !important;padding-top: 10px !important;padding-left: 55px !important;}&#8221;][vc_column_text]Exkurze do interi\u00e9r\u016f kostel\u016f, kapl\u00ed a dal\u0161\u00edch duchovn\u00edch pam\u00e1tek<br \/>\nV\u00fdlety na poutn\u00ed m\u00edsta \u010cesk\u00e9 republiky[\/vc_column_text][\/vc_column][\/vc_row][vc_row full_width=&#8221;stretch_row_content&#8221;][vc_column][vc_separator border_width=&#8221;4&#8243; css=&#8221;.vc_custom_1699219561915{padding: 20px !important;}&#8221;][\/vc_column][\/vc_row][vc_row][vc_column][vc_column_text]<\/p>\n<h3>\u010cl\u00e1nky z kategorie N\u00e1bo\u017eenstv\u00ed<\/h3>\n<p>[\/vc_column_text][\/vc_column][\/vc_row][vc_row][vc_column][vc_basic_grid post_type=&#8221;post&#8221; max_items=&#8221;9&#8243; item=&#8221;basicGrid_ScaleInWithRotation&#8221; grid_id=&#8221;vc_gid:1728303042183-3903ac0c-a88c-9&#8243; taxonomies=&#8221;50&#8243;][\/vc_column][\/vc_row]<\/p>\n","protected":false},"excerpt":{"rendered":"<p>[vc_row][vc_column css=&#8221;.vc_custom_1490017614850{margin-bottom: 30px !important;}&#8221;][vc_custom_heading text=&#8221;N\u00e1bo\u017eenstv\u00ed&#8221; font_container=&#8221;tag:h1|text_align:left&#8221; use_theme_fonts=&#8221;yes&#8221; css=&#8221;.vc_custom_1708683328326{margin-top: 0px !important;margin-bottom: 20px !important;}&#8221;][\/vc_column][\/vc_row][vc_row css=&#8221;.vc_custom_1701531047147{background-color: #f2f2f2 !important;}&#8221;][vc_column width=&#8221;1\/2&#8243; css=&#8221;.vc_custom_1701859770904{margin-top: 0px !important;margin-right: 0px&nbsp;<a href=\"https:\/\/bigycb.cz\/bigy\/predmetove-komise\/nabozenstvi\/\">&hellip;<\/a><\/p>\n","protected":false},"author":1,"featured_media":0,"parent":5796,"menu_order":0,"comment_status":"closed","ping_status":"closed","template":"template-sidebar-right-childpages.php","meta":{"footnotes":""},"class_list":["post-6459","page","type-page","status-publish","hentry","odd"],"_links":{"self":[{"href":"https:\/\/bigycb.cz\/bigy\/wp-json\/wp\/v2\/pages\/6459","targetHints":{"allow":["GET"]}}],"collection":[{"href":"https:\/\/bigycb.cz\/bigy\/wp-json\/wp\/v2\/pages"}],"about":[{"href":"https:\/\/bigycb.cz\/bigy\/wp-json\/wp\/v2\/types\/page"}],"author":[{"embeddable":true,"href":"https:\/\/bigycb.cz\/bigy\/wp-json\/wp\/v2\/users\/1"}],"replies":[{"embeddable":true,"href":"https:\/\/bigycb.cz\/bigy\/wp-json\/wp\/v2\/comments?post=6459"}],"version-history":[{"count":14,"href":"https:\/\/bigycb.cz\/bigy\/wp-json\/wp\/v2\/pages\/6459\/revisions"}],"predecessor-version":[{"id":8452,"href":"https:\/\/bigycb.cz\/bigy\/wp-json\/wp\/v2\/pages\/6459\/revisions\/8452"}],"up":[{"embeddable":true,"href":"https:\/\/bigycb.cz\/bigy\/wp-json\/wp\/v2\/pages\/5796"}],"wp:attachment":[{"href":"https:\/\/bigycb.cz\/bigy\/wp-json\/wp\/v2\/media?parent=6459"}],"curies":[{"name":"wp","href":"https:\/\/api.w.org\/{rel}","templated":true}]}}