{"id":5796,"date":"2023-12-04T12:28:02","date_gmt":"2023-12-04T11:28:02","guid":{"rendered":"https:\/\/bigycb.cz\/bigy\/?page_id=5796"},"modified":"2024-09-03T21:47:11","modified_gmt":"2024-09-03T19:47:11","slug":"predmetove-komise","status":"publish","type":"page","link":"https:\/\/bigycb.cz\/bigy\/predmetove-komise\/","title":{"rendered":"P\u0159edm\u011btov\u00e9 komise"},"content":{"rendered":"<p>[vc_row][vc_column][vc_custom_heading text=&#8221;P\u0159edm\u011btov\u00e9 komise&#8221; font_container=&#8221;tag:h1|text_align:left&#8221; use_theme_fonts=&#8221;yes&#8221;][vc_row_inner][vc_column_inner width=&#8221;1\/2&#8243;][vc_column_text css=&#8221;.vc_custom_1709632536766{margin-top: 10px !important;margin-right: 0px !important;margin-bottom: 10px !important;margin-left: 0px !important;}&#8221;]<a class=\"file_button\" href=\"https:\/\/bigycb.cz\/bigy\/prezentace-predmetu\/anglicky-jazyk\/\"><i class=\"fas fa-language\" style=\"margin: 0px 15px 0px 5px;\"><\/i>Anglick\u00fd jazyk<\/a>[\/vc_column_text][vc_column_text css=&#8221;.vc_custom_1709632562521{margin-top: 10px !important;margin-right: 0px !important;margin-bottom: 10px !important;margin-left: 0px !important;}&#8221;]<a class=\"file_button\" href=\"https:\/\/bigycb.cz\/bigy\/prezentace-predmetu\/biologie\/\"><i class=\"fab fa-pagelines\" style=\"margin: 0px 15px 0px 5px;\"><\/i>Biologie<\/a>[\/vc_column_text][vc_column_text css=&#8221;.vc_custom_1709799699149{margin-top: 10px !important;margin-right: 0px !important;margin-bottom: 10px !important;margin-left: 0px !important;}&#8221;]<a class=\"file_button\" href=\"https:\/\/bigycb.cz\/bigy\/prezentace-predmetu\/cesky-jazyk\/\"><i class=\"fas fa-spell-check\" style=\"margin: 0px 15px 0px 5px;\"><\/i>\u010cesk\u00fd jazyk a literatura<\/a>[\/vc_column_text][vc_column_text css=&#8221;.vc_custom_1709643200625{margin-top: 10px !important;margin-right: 0px !important;margin-bottom: 10px !important;margin-left: 0px !important;}&#8221;]<a class=\"file_button\" href=\"https:\/\/bigycb.cz\/bigy\/prezentace-predmetu\/dejepis\/\"><i class=\"fas fa-landmark\" style=\"margin: 0px 15px 0px 5px;\"><\/i>D\u011bjepis<\/a>[\/vc_column_text][vc_column_text css=&#8221;.vc_custom_1709643221645{margin-top: 10px !important;margin-right: 0px !important;margin-bottom: 10px !important;margin-left: 0px !important;}&#8221;]<a class=\"file_button\" href=\"https:\/\/bigycb.cz\/bigy\/prezentace-predmetu\/etika\/\"><i class=\"fas fa-user-friends\" style=\"margin: 0px 15px 0px 5px;\"><\/i>Etika<\/a>[\/vc_column_text][vc_column_text css=&#8221;.vc_custom_1725392827176{margin-top: 10px !important;margin-right: 0px !important;margin-bottom: 10px !important;margin-left: 0px !important;}&#8221;]<a class=\"file_button\" href=\"https:\/\/bigycb.cz\/bigy\/prezentace-predmetu\/francouzsky-jazyk\/\"><i class=\"fas fa-language\" style=\"margin: 0px 15px 0px 5px;\"><\/i>Francouzsk\u00fd jazyk<\/a>[\/vc_column_text][vc_column_text css=&#8221;.vc_custom_1709643260719{margin-top: 10px !important;margin-right: 0px !important;margin-bottom: 10px !important;margin-left: 0px !important;}&#8221;]<a class=\"file_button\" href=\"https:\/\/bigycb.cz\/bigy\/prezentace-predmetu\/fyzika\/\"><i class=\"fas fa-bolt\" style=\"margin: 0px 15px 0px 5px;\"><\/i>Fyzika<\/a>[\/vc_column_text][vc_column_text css=&#8221;.vc_custom_1709643280764{margin-top: 10px !important;margin-right: 0px !important;margin-bottom: 10px !important;margin-left: 0px !important;}&#8221;]<a class=\"file_button\" href=\"https:\/\/bigycb.cz\/bigy\/prezentace-predmetu\/hudebni-vychova\/\"><i class=\"fas fa-music\" style=\"margin: 0px 15px 0px 5px;\"><\/i>Hudebn\u00ed v\u00fdchova<\/a>[\/vc_column_text][vc_column_text css=&#8221;.vc_custom_1709643319812{margin-top: 10px !important;margin-right: 0px !important;margin-bottom: 10px !important;margin-left: 0px !important;}&#8221;]<a class=\"file_button\" href=\"https:\/\/bigycb.cz\/bigy\/prezentace-predmetu\/chemie\/\"><i class=\"fas fa-flask\" style=\"margin: 0px 15px 0px 5px;\"><\/i>Chemie<\/a>[\/vc_column_text][vc_column_text css=&#8221;.vc_custom_1709643333914{margin-top: 10px !important;margin-right: 0px !important;margin-bottom: 10px !important;margin-left: 0px !important;}&#8221;]<a class=\"file_button\" href=\"https:\/\/bigycb.cz\/bigy\/prezentace-predmetu\/informatika\/\"><i class=\"fas fa-robot\" style=\"margin: 0px 15px 0px 5px;\"><\/i>Informatika<\/a>[\/vc_column_text][\/vc_column_inner][vc_column_inner width=&#8221;1\/2&#8243;][vc_column_text css=&#8221;.vc_custom_1709643361217{margin-top: 10px !important;margin-right: 0px !important;margin-bottom: 10px !important;margin-left: 0px !important;}&#8221;]<a class=\"file_button\" href=\"https:\/\/bigycb.cz\/bigy\/prezentace-predmetu\/latina\/\"><i class=\"fas fa-language\" style=\"margin: 0px 15px 0px 5px;\"><\/i>Latina<\/a>[\/vc_column_text][vc_column_text css=&#8221;.vc_custom_1709643382257{margin-top: 10px !important;margin-right: 0px !important;margin-bottom: 10px !important;margin-left: 0px !important;}&#8221;]<a class=\"file_button\" href=\"https:\/\/bigycb.cz\/bigy\/prezentace-predmetu\/matematika\/\"><i class=\"fas fa-square-root-alt\" style=\"margin: 0px 15px 0px 5px;\"><\/i>Matematika<\/a>[\/vc_column_text][vc_column_text css=&#8221;.vc_custom_1709643402951{margin-top: 10px !important;margin-right: 0px !important;margin-bottom: 10px !important;margin-left: 0px !important;}&#8221;]<a class=\"file_button\" href=\"https:\/\/bigycb.cz\/bigy\/prezentace-predmetu\/nabozenstvi\/\"><i class=\"fas fa-cross\" style=\"margin: 0px 15px 0px 5px;\"><\/i>N\u00e1bo\u017eenstv\u00ed<\/a>[\/vc_column_text][vc_column_text css=&#8221;.vc_custom_1709643424801{margin-top: 10px !important;margin-right: 0px !important;margin-bottom: 10px !important;margin-left: 0px !important;}&#8221;]<a class=\"file_button\" href=\"https:\/\/bigycb.cz\/bigy\/prezentace-predmetu\/nemecky-jazyk\/\"><i class=\"fas fa-language\" style=\"margin: 0px 15px 0px 5px;\"><\/i>N\u011bmeck\u00fd jazyk<\/a>[\/vc_column_text][vc_column_text css=&#8221;.vc_custom_1709643606437{margin-top: 10px !important;margin-right: 0px !important;margin-bottom: 10px !important;margin-left: 0px !important;}&#8221;]<a class=\"file_button\" href=\"https:\/\/bigycb.cz\/bigy\/prezentace-predmetu\/spanelsky-jazyk\/\"><i class=\"fas fa-language\" style=\"margin: 0px 15px 0px 5px;\"><\/i>\u0160pan\u011blsk\u00fd jazyk<\/a>[\/vc_column_text][vc_column_text css=&#8221;.vc_custom_1709643636821{margin-top: 10px !important;margin-right: 0px !important;margin-bottom: 10px !important;margin-left: 0px !important;}&#8221;]<a class=\"file_button\" href=\"https:\/\/bigycb.cz\/bigy\/prezentace-predmetu\/telesna-vychova\/\"><i class=\"fas fas fa-volleyball-ball\" style=\"margin: 0px 15px 0px 5px;\"><\/i>T\u011blesn\u00e1 v\u00fdchova<\/a>[\/vc_column_text][vc_column_text css=&#8221;.vc_custom_1709643655951{margin-top: 10px !important;margin-right: 0px !important;margin-bottom: 10px !important;margin-left: 0px !important;}&#8221;]<a class=\"file_button\" href=\"https:\/\/bigycb.cz\/bigy\/prezentace-predmetu\/vytvarna-vychova\/\"><i class=\"fas fa-palette\" style=\"margin: 0px 15px 0px 5px;\"><\/i>V\u00fdtvarn\u00e1 v\u00fdchova<\/a>[\/vc_column_text][vc_column_text css=&#8221;.vc_custom_1709643677209{margin-top: 10px !important;margin-right: 0px !important;margin-bottom: 10px !important;margin-left: 0px !important;}&#8221;]<a class=\"file_button\" href=\"https:\/\/bigycb.cz\/bigy\/prezentace-predmetu\/zaklady-spolecenskych-ved\/\"><i class=\"fas fa-users\" style=\"margin: 0px 15px 0px 5px;\"><\/i>Z\u00e1klady spole\u010densk\u00fdch v\u011bd<\/a>[\/vc_column_text][vc_column_text css=&#8221;.vc_custom_1709643710243{margin-top: 10px !important;margin-right: 0px !important;margin-bottom: 10px !important;margin-left: 0px !important;}&#8221;]<a class=\"file_button\" href=\"https:\/\/bigycb.cz\/bigy\/prezentace-predmetu\/zemepis\/\"><i class=\"fas fa-globe-africa\" style=\"margin: 0px 15px 0px 5px;\"><\/i>Zem\u011bpis<\/a>[\/vc_column_text][\/vc_column_inner][\/vc_row_inner][\/vc_column][\/vc_row]<\/p>\n","protected":false},"excerpt":{"rendered":"<p>[vc_row][vc_column][vc_custom_heading text=&#8221;P\u0159edm\u011btov\u00e9 komise&#8221; font_container=&#8221;tag:h1|text_align:left&#8221; use_theme_fonts=&#8221;yes&#8221;][vc_row_inner][vc_column_inner width=&#8221;1\/2&#8243;][vc_column_text css=&#8221;.vc_custom_1709632536766{margin-top: 10px !important;margin-right: 0px !important;margin-bottom: 10px !important;margin-left: 0px !important;}&#8221;]Anglick\u00fd jazyk[\/vc_column_text][vc_column_text css=&#8221;.vc_custom_1709632562521{margin-top: 10px !important;margin-right: 0px&nbsp;<a href=\"https:\/\/bigycb.cz\/bigy\/predmetove-komise\/\">&hellip;<\/a><\/p>\n","protected":false},"author":1,"featured_media":0,"parent":0,"menu_order":3,"comment_status":"closed","ping_status":"closed","template":"","meta":{"footnotes":""},"class_list":["post-5796","page","type-page","status-publish","hentry","odd"],"_links":{"self":[{"href":"https:\/\/bigycb.cz\/bigy\/wp-json\/wp\/v2\/pages\/5796","targetHints":{"allow":["GET"]}}],"collection":[{"href":"https:\/\/bigycb.cz\/bigy\/wp-json\/wp\/v2\/pages"}],"about":[{"href":"https:\/\/bigycb.cz\/bigy\/wp-json\/wp\/v2\/types\/page"}],"author":[{"embeddable":true,"href":"https:\/\/bigycb.cz\/bigy\/wp-json\/wp\/v2\/users\/1"}],"replies":[{"embeddable":true,"href":"https:\/\/bigycb.cz\/bigy\/wp-json\/wp\/v2\/comments?post=5796"}],"version-history":[{"count":90,"href":"https:\/\/bigycb.cz\/bigy\/wp-json\/wp\/v2\/pages\/5796\/revisions"}],"predecessor-version":[{"id":7985,"href":"https:\/\/bigycb.cz\/bigy\/wp-json\/wp\/v2\/pages\/5796\/revisions\/7985"}],"wp:attachment":[{"href":"https:\/\/bigycb.cz\/bigy\/wp-json\/wp\/v2\/media?parent=5796"}],"curies":[{"name":"wp","href":"https:\/\/api.w.org\/{rel}","templated":true}]}}