{"id":504,"date":"2022-02-09T16:11:02","date_gmt":"2022-02-09T15:11:02","guid":{"rendered":"https:\/\/bigycb.cz\/demo\/?page_id=504"},"modified":"2024-11-14T09:24:04","modified_gmt":"2024-11-14T08:24:04","slug":"kontakty","status":"publish","type":"page","link":"https:\/\/bigycb.cz\/bigy\/o-skole\/kontakty\/","title":{"rendered":"Kontakty"},"content":{"rendered":"<p>[vc_row][vc_column][vc_custom_heading text=&#8221;Kontakty&#8221; font_container=&#8221;tag:h1|text_align:left&#8221; use_theme_fonts=&#8221;yes&#8221; css=&#8221;.vc_custom_1645041030986{margin-bottom: 10px !important;}&#8221;][\/vc_column][\/vc_row][vc_row css=&#8221;.vc_custom_1648125315418{margin-top: 15px !important;margin-bottom: 0px !important;}&#8221;][vc_column width=&#8221;1\/2&#8243; css=&#8221;.vc_custom_1490181921013{margin-left: 10px !important;}&#8221;][vc_column_text css=&#8221;.vc_custom_1646681214068{margin-bottom: 35px !important;padding-left: 0px !important;}&#8221;]<\/p>\n<h5>Biskupsk\u00e9 gymn\u00e1zium J. N. Neumanna, c\u00edrkevn\u00ed z\u00e1kladn\u00ed \u0161kola a z\u00e1kladn\u00ed um\u011bleck\u00e1 \u0161kola \u010cesk\u00e9 Bud\u011bjovice<\/h5>\n<p>[\/vc_column_text]\n\t\t\t\t\t<div class=\"wh-theme-icon vc_custom_1644939904544  scp_theme_icon-b24fc34eec4014cd769ffac2a3f397f4\">\n\t\t\t\t<i class=\"icon-edplaceholder\"><\/i>\n\t\t\t<\/div>\n\t\t\t\t[vc_column_text css=&#8221;.vc_custom_1729075617097{margin-bottom: 15px !important;padding-left: 40px !important;}&#8221;]Jirs\u00edkova 5,\u00a0370 01 \u010cesk\u00e9 Bud\u011bjovice[\/vc_column_text]\n\t\t\t\t\t<div class=\"wh-theme-icon vc_custom_1644939909952  scp_theme_icon-b12a1c922284e8204699da7595d4c5c1\">\n\t\t\t\t<i class=\"icon-edtelephone\"><\/i>\n\t\t\t<\/div>\n\t\t\t\t[vc_custom_heading text=&#8221;+420 380 420 211&#8243; font_container=&#8221;tag:h4|font_size:18px|text_align:left|color:%23377ea8&#8243; use_theme_fonts=&#8221;yes&#8221; css=&#8221;.vc_custom_1646981474886{margin-top: 15px !important;margin-bottom: 15px !important;padding-left: 40px !important;}&#8221; el_class=&#8221;wh-title-with-label&#8221;]\n\t\t\t\t\t<div class=\"wh-theme-icon vc_custom_1644939909952  scp_theme_icon-b12a1c922284e8204699da7595d4c5c1\">\n\t\t\t\t<i class=\"icon-edtelephone\"><\/i>\n\t\t\t<\/div>\n\t\t\t\t[vc_custom_heading text=&#8221;+420 725 360 364&#8243; font_container=&#8221;tag:h4|font_size:18px|text_align:left|color:%23377ea8&#8243; use_theme_fonts=&#8221;yes&#8221; css=&#8221;.vc_custom_1729075683667{margin-top: 15px !important;margin-bottom: 15px !important;padding-left: 40px !important;}&#8221; el_class=&#8221;wh-title-with-label&#8221;]\n\t\t\t\t\t<div class=\"wh-theme-icon vc_custom_1645307294127  scp_theme_icon-1e776606dcb51bb6858a4f16bc6888fb\">\n\t\t\t\t<i class=\"icon-edic_email\"><\/i>\n\t\t\t<\/div>\n\t\t\t\t[vc_custom_heading text=&#8221;reditelstvi@bigy-cb.cz&#8221; font_container=&#8221;tag:h4|font_size:18px|text_align:left|color:%23377ea8&#8243; use_theme_fonts=&#8221;yes&#8221; css=&#8221;.vc_custom_1646680772764{margin-top: 15px !important;margin-bottom: 15px !important;padding-left: 40px !important;}&#8221; el_class=&#8221;wh-title-with-label&#8221;]\n\t\t\t\t\t<div class=\"wh-theme-icon vc_custom_1644939943551  scp_theme_icon-a6a5a18a35bac747908102e89681e6b5\">\n\t\t\t\t<i class=\"icon-edtime\"><\/i>\n\t\t\t<\/div>\n\t\t\t\t[vc_column_text css=&#8221;.vc_custom_1646376534875{margin-top: 20px !important;margin-bottom: 20px !important;padding-left: 40px !important;}&#8221;]provozn\u00ed doba sekretari\u00e1tu: 7:00 \u2013 15:00[\/vc_column_text][\/vc_column][vc_column width=&#8221;1\/2&#8243; css=&#8221;.vc_custom_1644987404210{padding-left: 60px !important;}&#8221;][vc_gmaps link=&#8221;#E-8_JTNDaWZyYW1lJTIwc3JjJTNEJTIyaHR0cHMlM0ElMkYlMkZ3d3cuZ29vZ2xlLmNvbSUyRm1hcHMlMkZlbWJlZCUzRnBiJTNEJTIxMW0xOCUyMTFtMTIlMjExbTMlMjExZDUyMzcuOTQzMjU0NTE1NjM3JTIxMmQxNC40NzI0NTA1NzU0NTgyOTYlMjEzZDQ4Ljk3MzA2NDQ5NDQ4NjU0JTIxMm0zJTIxMWYwJTIxMmYwJTIxM2YwJTIxM20yJTIxMWkxMDI0JTIxMmk3NjglMjE0ZjEzLjElMjEzbTMlMjExbTIlMjExczB4NDc3MzRmY2Y0Zjg4OTk2YiUyNTNBMHg0MzA4ZGYxODg5Nzg3MTViJTIxMnNCaXNrdXBzayUyNUMzJTI1QTklMjUyMGd5bW4lMjVDMyUyNUExeml1bSUyNTIwSi4lMjUyME4uJTI1MjBOZXVtYW5uYSUyMTVlMCUyMTNtMiUyMTFzY3MlMjEyc2N6JTIxNHYxNjQ0OTg3OTU4MTgyJTIxNW0yJTIxMXNjcyUyMTJzY3olMjIlMjB3aWR0aCUzRCUyMjQwMCUyMiUyMGhlaWdodCUzRCUyMjMwMCUyMiUyMHN0eWxlJTNEJTIyYm9yZGVyJTNBMCUzQiUyMiUyMGFsbG93ZnVsbHNjcmVlbiUzRCUyMiUyMiUyMGxvYWRpbmclM0QlMjJsYXp5JTIyJTNFJTNDJTJGaWZyYW1lJTNF&#8221; css=&#8221;.vc_custom_1645001693921{padding: 15px !important;}&#8221;][\/vc_column][\/vc_row][vc_row full_width=&#8221;stretch_row&#8221; equal_height=&#8221;yes&#8221; css=&#8221;.vc_custom_1645307055141{padding-top: 8px !important;padding-bottom: 8px !important;background-color: #f5f5f5 !important;}&#8221;][vc_column width=&#8221;1\/2&#8243; css=&#8221;.vc_custom_1490178907109{margin-bottom: 0px !important;padding-top: 19px !important;}&#8221;][vc_column_text css=&#8221;.vc_custom_1645807973517{padding-top: 15px !important;padding-left: 15px !important;}&#8221;]<strong>Z\u0159izovatel gymn\u00e1zia:<\/strong> Biskupstv\u00ed \u010deskobud\u011bjovick\u00e9<\/p>\n<p><strong>Kapacita gymn\u00e1zia:<\/strong> 720 student\u016f<\/p>\n<p><strong>\u0160koln\u00e9:<\/strong> Studium je bezplatn\u00e9<\/p>\n<p><strong>I\u010cO:<\/strong> 00666122<\/p>\n<p><strong>DI\u010c:<\/strong> CZ00666122<\/p>\n<p><strong>RED_IZO:<\/strong> 600008088<\/p>\n<p><strong>IZO:<\/strong> 000666122<\/p>\n<p><strong>\u010d. datov\u00e9 schr\u00e1nky:<\/strong> 5iiaeeb<\/p>\n<p><strong>\u010d. \u00fa\u010dtu:<\/strong> 98444231\/0100[\/vc_column_text][\/vc_column][vc_column width=&#8221;1\/2&#8243; css=&#8221;.vc_custom_1645001764680{padding-top: 10px !important;padding-right: 20px !important;padding-bottom: 10px !important;padding-left: 20px !important;}&#8221;][vc_single_image image=&#8221;1042&#8243; img_size=&#8221;full&#8221; alignment=&#8221;right&#8221; css=&#8221;.vc_custom_1645808047534{padding-top: 20px !important;padding-right: 20px !important;padding-bottom: 0px !important;padding-left: 20px !important;}&#8221;][\/vc_column][\/vc_row][vc_row disable_element=&#8221;yes&#8221; css=&#8221;.vc_custom_1645001289101{padding-top: 20px !important;padding-bottom: 20px !important;}&#8221;][vc_column css=&#8221;.vc_custom_1490186002655{margin-bottom: 0px !important;}&#8221;][vc_separator border_width=&#8221;4&#8243;][\/vc_column][\/vc_row][vc_row full_width=&#8221;stretch_row&#8221; equal_height=&#8221;yes&#8221; css=&#8221;.vc_custom_1645001831894{margin-top: 15px !important;margin-bottom: 5px !important;padding-top: 5px !important;padding-bottom: 35px !important;}&#8221;][vc_column css=&#8221;.vc_custom_1490178907109{margin-bottom: 0px !important;padding-top: 19px !important;}&#8221;][vc_row_inner css=&#8221;.vc_custom_1644940093203{padding-top: 6px !important;padding-right: 20px !important;padding-bottom: 16px !important;padding-left: 20px !important;}&#8221;][vc_column_inner width=&#8221;1\/4&#8243;][vc_custom_heading text=&#8221;\u0158editel \u0161koly&#8221; font_container=&#8221;tag:h5|text_align:left&#8221; use_theme_fonts=&#8221;yes&#8221;][vc_column_text]<strong>Ing. Martin Mar\u0161\u00edk, Ph.D.<\/strong><br \/>\nmarsik@bigy-cb.cz<br \/>\n+420 380 420 211[\/vc_column_text][\/vc_column_inner][vc_column_inner width=&#8221;1\/4&#8243;][vc_custom_heading text=&#8221;Z\u00e1stupce \u0159editele (CZ\u0160)&#8221; font_container=&#8221;tag:h5|text_align:left&#8221; use_theme_fonts=&#8221;yes&#8221; link=&#8221;url:http%3A%2F%2Fbigy-cb.cz%2Fczs|target:_blank&#8221;][vc_column_text]<strong>Mgr. Jan Schreib<\/strong><br \/>\nschreib@bigy-cb.cz<br \/>\n+420 387 319 900[\/vc_column_text][\/vc_column_inner][vc_column_inner width=&#8221;1\/4&#8243;][vc_custom_heading text=&#8221;Z\u00e1stupkyn\u011b \u0159editele&#8221; font_container=&#8221;tag:h5|text_align:left&#8221; use_theme_fonts=&#8221;yes&#8221;][vc_column_text]<strong>Ing. Michaela Kudl\u00e1\u010dkov\u00e1<\/strong><br \/>\nkudlackova@bigy-cb.cz<br \/>\n+420 380 420 218[\/vc_column_text][\/vc_column_inner][vc_column_inner width=&#8221;1\/4&#8243;][vc_custom_heading text=&#8221;Z\u00e1stupkyn\u011b \u0159editele&#8221; font_container=&#8221;tag:h5|text_align:left&#8221; use_theme_fonts=&#8221;yes&#8221;][vc_column_text]<strong>Mgr. Alena Markov\u00e1<\/strong><br \/>\nmarkova@bigy-cb.cz<br \/>\n+420 380 420 214[\/vc_column_text][\/vc_column_inner][\/vc_row_inner][vc_row_inner css=&#8221;.vc_custom_1644940093203{padding-top: 6px !important;padding-right: 20px !important;padding-bottom: 16px !important;padding-left: 20px !important;}&#8221;][vc_column_inner width=&#8221;1\/4&#8243;][vc_custom_heading text=&#8221;Z\u00e1stupkyn\u011b \u0159editele pro ekonomiku a provoz&#8221; font_container=&#8221;tag:h6|text_align:left&#8221; use_theme_fonts=&#8221;yes&#8221;][vc_column_text]<strong>Ing. Marta Hortov\u00e1<\/strong><br \/>\nhortova@bigy-cb.cz<br \/>\n+420 380 420 237[\/vc_column_text][\/vc_column_inner][vc_column_inner width=&#8221;1\/4&#8243;][vc_custom_heading text=&#8221;Domov ml\u00e1de\u017ee&#8221; font_container=&#8221;tag:h5|text_align:left&#8221; use_theme_fonts=&#8221;yes&#8221; link=&#8221;url:https%3A%2F%2Fbigycb.cz%2Fbigy%2Fo-skole%2Fzazemi-skoly%2Fdomov-mladeze%2F&#8221;][vc_column_text]<strong>Ing. Ji\u0159\u00ed Tu\u010dek<\/strong><br \/>\ntucek@bigy-cb.cz<br \/>\n+420 380 420 217[\/vc_column_text][\/vc_column_inner][vc_column_inner width=&#8221;1\/4&#8243;][vc_custom_heading text=&#8221;\u0160koln\u00ed j\u00eddelna&#8221; font_container=&#8221;tag:h5|text_align:left&#8221; use_theme_fonts=&#8221;yes&#8221; link=&#8221;url:https%3A%2F%2Fbigycb.cz%2Fbigy%2Fo-skole%2Fzazemi-skoly%2Fskolni-jidelna%2F&#8221;][vc_column_text]<strong>Pavla Koklarov\u00e1<\/strong><br \/>\njidelna@bigy-cb.cz<br \/>\n+420 380 420 241[\/vc_column_text][\/vc_column_inner][vc_column_inner width=&#8221;1\/4&#8243;][vc_custom_heading text=&#8221;ZU\u0160&#8221; font_container=&#8221;tag:h5|text_align:left&#8221; use_theme_fonts=&#8221;yes&#8221; link=&#8221;url:https%3A%2F%2Fbigycb.cz%2Fzus%2F|target:_blank&#8221;][vc_column_text]<strong>Mgr. Petr Pe\u0161ek<\/strong><br \/>\npesek@bigy-cb.cz[\/vc_column_text][\/vc_column_inner][\/vc_row_inner][\/vc_column][\/vc_row][vc_row full_width=&#8221;stretch_row&#8221; equal_height=&#8221;yes&#8221; css=&#8221;.vc_custom_1648127180859{padding-top: 40px !important;padding-bottom: 40px !important;background-color: #f5f5f5 !important;}&#8221;][vc_column css=&#8221;.vc_custom_1648127185541{padding-top: 10px !important;padding-right: 20px !important;padding-bottom: 10px !important;padding-left: 20px !important;}&#8221;][vc_btn title=&#8221;Kontakty na v\u0161echny zam\u011bstnance a u\u010ditele \u0161koly \u00bb&#8221; style=&#8221;flat&#8221; color=&#8221;primary&#8221; size=&#8221;lg&#8221; align=&#8221;center&#8221; i_icon_fontawesome=&#8221;fas fa-user-friends&#8221; add_icon=&#8221;true&#8221; link=&#8221;url:https%3A%2F%2Fbigycb.cz%2Fbigy%2Fo-skole%2Fzamestnanci-skoly%2F|title:Zam%C4%9Bstnanci%20%C5%A1koly&#8221;][\/vc_column][\/vc_row][vc_row full_width=&#8221;stretch_row&#8221; equal_height=&#8221;yes&#8221; disable_element=&#8221;yes&#8221; css=&#8221;.vc_custom_1645001533640{margin-bottom: -35px !important;padding-top: 35px !important;padding-bottom: 35px !important;background-color: #f5f5f5 !important;}&#8221;][vc_column width=&#8221;1\/2&#8243; css=&#8221;.vc_custom_1490178907109{margin-bottom: 0px !important;padding-top: 19px !important;}&#8221;][vc_gmaps link=&#8221;#E-8_JTNDaWZyYW1lJTIwc3JjJTNEJTIyaHR0cHMlM0ElMkYlMkZ3d3cuZ29vZ2xlLmNvbSUyRm1hcHMlMkZlbWJlZCUzRnBiJTNEJTIxMW0xOCUyMTFtMTIlMjExbTMlMjExZDUyMzcuOTQzMjU0NTE1NjM3JTIxMmQxNC40NzI0NTA1NzU0NTgyOTYlMjEzZDQ4Ljk3MzA2NDQ5NDQ4NjU0JTIxMm0zJTIxMWYwJTIxMmYwJTIxM2YwJTIxM20yJTIxMWkxMDI0JTIxMmk3NjglMjE0ZjEzLjElMjEzbTMlMjExbTIlMjExczB4NDc3MzRmY2Y0Zjg4OTk2YiUyNTNBMHg0MzA4ZGYxODg5Nzg3MTViJTIxMnNCaXNrdXBzayUyNUMzJTI1QTklMjUyMGd5bW4lMjVDMyUyNUExeml1bSUyNTIwSi4lMjUyME4uJTI1MjBOZXVtYW5uYSUyMTVlMCUyMTNtMiUyMTFzY3MlMjEyc2N6JTIxNHYxNjQ0OTg3OTU4MTgyJTIxNW0yJTIxMXNjcyUyMTJzY3olMjIlMjB3aWR0aCUzRCUyMjYwMCUyMiUyMGhlaWdodCUzRCUyMjM1MCUyMiUyMHN0eWxlJTNEJTIyYm9yZGVyJTNBMCUzQiUyMiUyMGFsbG93ZnVsbHNjcmVlbiUzRCUyMiUyMiUyMGxvYWRpbmclM0QlMjJsYXp5JTIyJTNFJTNDJTJGaWZyYW1lJTNF&#8221;][\/vc_column][vc_column width=&#8221;1\/2&#8243; css=&#8221;.vc_custom_1490178466899{padding-top: 20px !important;padding-right: 20px !important;padding-bottom: 20px !important;padding-left: 20px !important;}&#8221;][vc_row_inner css=&#8221;.vc_custom_1501163446629{padding-top: 6px !important;padding-right: 20px !important;padding-bottom: 16px !important;padding-left: 20px !important;background-color: #ffffff !important;}&#8221; el_id=&#8221;contact&#8221;][vc_column_inner]\n<div class=\"wpcf7 no-js\" id=\"wpcf7-f116-o1\" lang=\"en-US\" dir=\"ltr\" data-wpcf7-id=\"116\">\n<div class=\"screen-reader-response\"><p role=\"status\" aria-live=\"polite\" aria-atomic=\"true\"><\/p> <ul><\/ul><\/div>\n<form action=\"\/bigy\/wp-json\/wp\/v2\/pages\/504#wpcf7-f116-o1\" method=\"post\" class=\"wpcf7-form init\" aria-label=\"Contact form\" novalidate=\"novalidate\" data-status=\"init\">\n<fieldset class=\"hidden-fields-container\"><input type=\"hidden\" name=\"_wpcf7\" value=\"116\" \/><input type=\"hidden\" name=\"_wpcf7_version\" value=\"6.1.5\" \/><input type=\"hidden\" name=\"_wpcf7_locale\" value=\"en_US\" \/><input type=\"hidden\" name=\"_wpcf7_unit_tag\" value=\"wpcf7-f116-o1\" \/><input type=\"hidden\" name=\"_wpcf7_container_post\" value=\"0\" \/><input type=\"hidden\" name=\"_wpcf7_posted_data_hash\" value=\"\" \/>\n<\/fieldset>\n<div class=\"vc_row make-an-appointment-form\" style=\"line-height:30px;\">\n\t<div class=\"vc_col-sm-6\">\n\t\t<p><span class=\"wpcf7-form-control-wrap\" data-name=\"your-name\"><input size=\"30\" maxlength=\"400\" class=\"wpcf7-form-control wpcf7-text wpcf7-validates-as-required\" aria-required=\"true\" aria-invalid=\"false\" placeholder=\"Va\u0161e jm\u00e9no\" value=\"\" type=\"text\" name=\"your-name\" \/><\/span>\n\t\t<\/p>\n\t\t<p><span class=\"wpcf7-form-control-wrap\" data-name=\"your-email\"><input size=\"30\" maxlength=\"400\" class=\"wpcf7-form-control wpcf7-email wpcf7-validates-as-required wpcf7-text wpcf7-validates-as-email\" aria-required=\"true\" aria-invalid=\"false\" placeholder=\"V\u00e1\u0161 e-mail\" value=\"\" type=\"email\" name=\"your-email\" \/><\/span>\n\t\t<\/p>\n\t\t<p><span class=\"wpcf7-form-control-wrap\" data-name=\"your-subject\"><input size=\"30\" maxlength=\"400\" class=\"wpcf7-form-control wpcf7-text\" aria-invalid=\"false\" placeholder=\"P\u0159edm\u011bt zpr\u00e1vy\" value=\"\" type=\"text\" name=\"your-subject\" \/><\/span>\n\t\t<\/p>\n\t<\/div>\n\t<div class=\"vc_col-sm-6\">\n\t\t<p><span class=\"wpcf7-form-control-wrap\" data-name=\"your-message\"><textarea cols=\"30\" rows=\"9\" maxlength=\"2000\" class=\"wpcf7-form-control wpcf7-textarea\" aria-invalid=\"false\" placeholder=\"Va\u0161e zpr\u00e1va\" name=\"your-message\"><\/textarea><\/span>\n\t\t<\/p>\n\t<\/div>\n<\/div>\n<div class=\"vc_row\">\n\t<div class=\"vc_col-xs-6\">\n\t\t<p style=\"margin-top: 10px;font-size: 15px;line-height: 18px;\">* V\u0161echna pole jsou povinn\u00e1\n\t\t<\/p>\n\t<\/div>\n\t<div class=\"vc_col-xs-6\">\n\t\t<p class=\"form-button pull-right\" style=\"margin-right:-18px\"><input class=\"wpcf7-form-control wpcf7-submit has-spinner\" type=\"submit\" value=\"Odeslat\" \/>\n\t\t<\/p>\n\t<\/div>\n<\/div><div class=\"wpcf7-response-output\" aria-hidden=\"true\"><\/div>\n<\/form>\n<\/div>\n[\/vc_column_inner][\/vc_row_inner][\/vc_column][\/vc_row]<\/p>\n","protected":false},"excerpt":{"rendered":"<p>[vc_row][vc_column][vc_custom_heading text=&#8221;Kontakty&#8221; font_container=&#8221;tag:h1|text_align:left&#8221; use_theme_fonts=&#8221;yes&#8221; css=&#8221;.vc_custom_1645041030986{margin-bottom: 10px !important;}&#8221;][\/vc_column][\/vc_row][vc_row css=&#8221;.vc_custom_1648125315418{margin-top: 15px !important;margin-bottom: 0px !important;}&#8221;][vc_column width=&#8221;1\/2&#8243; css=&#8221;.vc_custom_1490181921013{margin-left: 10px !important;}&#8221;][vc_column_text css=&#8221;.vc_custom_1646681214068{margin-bottom: 35px !important;padding-left: 0px&nbsp;<a href=\"https:\/\/bigycb.cz\/bigy\/o-skole\/kontakty\/\">&hellip;<\/a><\/p>\n","protected":false},"author":1,"featured_media":0,"parent":494,"menu_order":0,"comment_status":"closed","ping_status":"closed","template":"template-fullwidth.php","meta":{"footnotes":""},"class_list":["post-504","page","type-page","status-publish","hentry","odd"],"_links":{"self":[{"href":"https:\/\/bigycb.cz\/bigy\/wp-json\/wp\/v2\/pages\/504","targetHints":{"allow":["GET"]}}],"collection":[{"href":"https:\/\/bigycb.cz\/bigy\/wp-json\/wp\/v2\/pages"}],"about":[{"href":"https:\/\/bigycb.cz\/bigy\/wp-json\/wp\/v2\/types\/page"}],"author":[{"embeddable":true,"href":"https:\/\/bigycb.cz\/bigy\/wp-json\/wp\/v2\/users\/1"}],"replies":[{"embeddable":true,"href":"https:\/\/bigycb.cz\/bigy\/wp-json\/wp\/v2\/comments?post=504"}],"version-history":[{"count":66,"href":"https:\/\/bigycb.cz\/bigy\/wp-json\/wp\/v2\/pages\/504\/revisions"}],"predecessor-version":[{"id":8647,"href":"https:\/\/bigycb.cz\/bigy\/wp-json\/wp\/v2\/pages\/504\/revisions\/8647"}],"up":[{"embeddable":true,"href":"https:\/\/bigycb.cz\/bigy\/wp-json\/wp\/v2\/pages\/494"}],"wp:attachment":[{"href":"https:\/\/bigycb.cz\/bigy\/wp-json\/wp\/v2\/media?parent=504"}],"curies":[{"name":"wp","href":"https:\/\/api.w.org\/{rel}","templated":true}]}}