{"id":4788,"date":"2023-06-06T16:21:11","date_gmt":"2023-06-06T14:21:11","guid":{"rendered":"https:\/\/bigycb.cz\/bigy\/?page_id=4788"},"modified":"2024-07-18T08:56:48","modified_gmt":"2024-07-18T06:56:48","slug":"pruvodce-prvaka","status":"publish","type":"page","link":"https:\/\/bigycb.cz\/bigy\/studenti-a-rodice\/pruvodce-prvaka\/","title":{"rendered":"Pr\u016fvodce prv\u00e1ka"},"content":{"rendered":"<p>[vc_row][vc_column][vc_custom_heading text=&#8221;Pr\u016fvodce prv\u00e1ka&#8221; font_container=&#8221;tag:h1|text_align:left&#8221; use_theme_fonts=&#8221;yes&#8221;][vc_column_text]Mil\u00ed studenti a rodi\u010de, na t\u00e9to str\u00e1nce najdete rozcestn\u00edk d\u016fle\u017eit\u00fdch syst\u00e9m\u016f a informac\u00ed, kter\u00e9 jsou pot\u0159ebn\u00e9 nebo alespo\u0148 n\u00e1pomocn\u00e9 ke studiu na BIGY.[\/vc_column_text][\/vc_column][\/vc_row][vc_row][vc_column][vc_custom_heading text=&#8221;Bakal\u00e1\u0159i&#8221; font_container=&#8221;tag:h3|text_align:left|color:%23ffffff&#8221; use_theme_fonts=&#8221;yes&#8221; css=&#8221;.vc_custom_1685689333944{padding-top: 8px !important;padding-right: 8px !important;padding-bottom: 8px !important;padding-left: 10px !important;background-color: #3a7eaf !important;}&#8221;][\/vc_column][\/vc_row][vc_row][vc_column][vc_column_text]Syst\u00e9m pou\u017e\u00edv\u00e1me jako <em>elektronickou t\u0159\u00eddn\u00ed knihu<\/em>, <em>m\u00edsto \u017e\u00e1kovsk\u00e9 kn\u00ed\u017eky<\/em> a tak\u00e9 pro <em>omlouv\u00e1n\u00ed absence<\/em>. Pro komunikaci s u\u010diteli pou\u017e\u00edv\u00e1me prim\u00e1rn\u011b e-maily (viz d\u00e1le).<\/p>\n<ul>\n<li>p\u0159ihla\u0161ovac\u00ed \u00fadaje (jm\u00e9no + heslo) pro \u017e\u00e1ky jsou generov\u00e1ny a\u017e b\u011bhem letn\u00edch pr\u00e1zdniny a budou v\u00e1m <strong>p\u0159ed\u00e1ny v z\u00e1\u0159\u00ed<\/strong> p\u0159es t\u0159\u00eddn\u00ed u\u010ditele<\/li>\n<li>z\u00e1konn\u00ed z\u00e1stupci \u017e\u00e1k\u016f si <strong>generuj\u00ed p\u0159ihla\u0161ovac\u00ed \u00fadaje sami<\/strong> (viz <a href=\"https:\/\/navody.bigycb.cz\/ziskani-jmena-a-hesla-pro-pristup-k-bakalarum\/\" target=\"_blank\" rel=\"noopener\">n\u00e1vod<\/a>) &#8211; doporu\u010dujeme nejd\u0159\u00edve a\u017e posledn\u00ed t\u00fdden v srpnu<\/li>\n<\/ul>\n<p><strong>Dal\u0161\u00ed informace:<\/strong><\/p>\n<p style=\"padding-left: 40px;\">\u25b6\ufe0f <strong><a href=\"https:\/\/navody.bigycb.cz\/jak-se-prihlasim-k-aplikaci-bakalari\/\" target=\"_blank\" rel=\"noopener\">Jak se p\u0159ihl\u00e1s\u00edm k aplikaci Bakal\u00e1\u0159i?<\/a><\/strong><br \/>\n\u25b6\ufe0f <strong><a href=\"https:\/\/navody.bigycb.cz\/ziskani-jmena-a-hesla-pro-pristup-k-bakalarum\/\" target=\"_blank\" rel=\"noopener\">P\u0159ihla\u0161ovac\u00ed \u00fadaje z\u00e1konn\u00fdch z\u00e1stupc\u016f do Bakal\u00e1\u0159\u016f<\/a><\/strong><br \/>\n\u25b6\ufe0f <strong><a href=\"https:\/\/navody.bigycb.cz\/omlouvani-absence-pres-bakalare-komens\/\" target=\"_blank\" rel=\"noopener\">Omlouv\u00e1n\u00ed absence p\u0159es Bakal\u00e1\u0159e (Komens)<\/a><\/strong><\/p>\n<p>[\/vc_column_text][\/vc_column][\/vc_row][vc_row][vc_column][vc_custom_heading text=&#8221;\u0160koln\u00ed e-mail a Google Workspace&#8221; font_container=&#8221;tag:h3|text_align:left|color:%23ffffff&#8221; use_theme_fonts=&#8221;yes&#8221; css=&#8221;.vc_custom_1683544009105{padding-top: 8px !important;padding-right: 8px !important;padding-bottom: 8px !important;padding-left: 8px !important;background-color: #3a7eaf !important;}&#8221;][\/vc_column][\/vc_row][vc_row][vc_column][vc_column_text]Pro cloudov\u00e9 aplikace a \u0161koln\u00ed e-mail vyu\u017e\u00edv\u00e1 na\u0161e \u0161kola slu\u017ebu <strong>Google Workspace for Education<\/strong>. Ka\u017ed\u00fd student a zam\u011bstnanec \u0161koly m\u00e1 v t\u00e9to slu\u017eb\u011b automaticky z\u0159\u00edzen \u00fa\u010det. Studenti ve tvaru <strong>login@bigycb.cz<\/strong>, zam\u011bstnanci maj\u00ed v dom\u00e9n\u011b poml\u010dku: <strong>prijmeni@bigy-cb.cz. <\/strong>Login a heslo jsou shodn\u00e9 se syst\u00e9mem Bakal\u00e1\u0159i a v\u0161em jsou sd\u011bleny na za\u010d\u00e1tku \u0161koln\u00edho roku.<\/p>\n<p><strong>Dal\u0161\u00ed informace:<\/strong><\/p>\n<p style=\"padding-left: 40px;\">\u25b6\ufe0f <a href=\"https:\/\/navody.bigycb.cz\/zakladni-informace-ke-sluzbe-g-suite\/\" target=\"_blank\" rel=\"noopener\"><strong>Kompletn\u00ed informace o slu\u017eb\u011b Google Workspace for Education<\/strong><\/a><br \/>\n\u25b6\ufe0f <a href=\"https:\/\/navody.bigycb.cz\/skolni-e-mail\/\" target=\"_blank\" rel=\"noopener\"><strong>Dal\u0161\u00ed podrobnosti ke studentsk\u00fdm a t\u0159\u00eddn\u00edm e-mail\u016fm<\/strong><\/a><\/p>\n<p>[\/vc_column_text][\/vc_column][\/vc_row][vc_row][vc_column][vc_custom_heading text=&#8221;J\u00eddelna&#8221; font_container=&#8221;tag:h3|text_align:left|color:%23ffffff&#8221; use_theme_fonts=&#8221;yes&#8221; css=&#8221;.vc_custom_1683524634410{padding-top: 8px !important;padding-right: 8px !important;padding-bottom: 8px !important;padding-left: 10px !important;background-color: #3a7eaf !important;}&#8221;][\/vc_column][\/vc_row][vc_row][vc_column][vc_column_text]J\u00eddelna se nach\u00e1z\u00ed v budov\u011b <strong>domova ml\u00e1de\u017ee<\/strong>. Se \u0161kolou je spojena pr\u016fchodem v p\u0159\u00edzemn\u00ed chodb\u011b. Ke stravov\u00e1n\u00ed budete pot\u0159ebovat:<\/p>\n<ul>\n<li>vyplnit p\u0159ihl\u00e1\u0161ku<\/li>\n<li>identifika\u010dn\u00ed \u010dip (m\u016f\u017eete vyu\u017e\u00edt tak\u00e9 ISIC karty, kter\u00e9 si z\u0159\u00edd\u00edte ve \u0161kole &#8211; viz d\u00e1le)<\/li>\n<li>aktivovat p\u0159\u00edstup na <strong>www.strava.cz<\/strong> p\u0159es web nebo p\u0159es aplikaci<\/li>\n<\/ul>\n<p><strong>Dal\u0161\u00ed informace:<\/strong><\/p>\n<p style=\"padding-left: 40px;\">\u25b6\ufe0f <a href=\"https:\/\/bigycb.cz\/bigy\/o-skole\/zazemi-skoly\/skolni-jidelna\/\" target=\"_blank\" rel=\"noopener\"><strong>Kompletn\u00ed informace ke \u0161koln\u00ed j\u00eddeln\u011b<\/strong><\/a><br \/>\n\u25b6\ufe0f <a href=\"https:\/\/www.strava.cz\/Strava\/Stravnik\/Napoveda?napoveda=1;hl=cs\" target=\"_blank\" rel=\"noopener\"><strong>Mobiln\u00ed aplikace Strava<\/strong><\/a><\/p>\n<p>[\/vc_column_text][\/vc_column][\/vc_row][vc_row][vc_column][vc_custom_heading text=&#8221;\u0160koln\u00ed program (pokladna)&#8221; font_container=&#8221;tag:h3|text_align:left|color:%23ffffff&#8221; use_theme_fonts=&#8221;yes&#8221; css=&#8221;.vc_custom_1716543285415{padding-top: 8px !important;padding-right: 8px !important;padding-bottom: 8px !important;padding-left: 8px !important;background-color: #3a7eaf !important;}&#8221;][\/vc_column][\/vc_row][vc_row][vc_column][vc_column_text]\u0160koln\u00ed pokladna slou\u017e\u00ed k p\u0159esn\u00e9 evidenci finan\u010dn\u00edch prost\u0159edk\u016f, kter\u00e9 z\u00e1konn\u00fd z\u00e1stupce sv\u011b\u0159il \u0161kole ve form\u011b z\u00e1lohy na \u010derp\u00e1n\u00ed plateb za \u0161koln\u00ed akce (kino, divadlo, plaveck\u00fd \u010di ly\u017ea\u0159sk\u00fd kurz, ale tak\u00e9 nap\u0159. platby za pracovn\u00ed se\u0161ity a podobn\u011b). \u017d\u00e1ci tak nemus\u00ed nosit hotov\u00e9 pen\u00edze do \u0161koly, platby do \u0161koln\u00ed online pokladny prob\u00edhaj\u00ed bezhotovostn\u011b.<\/p>\n<p style=\"padding-left: 40px;\">\u25b6\ufe0f <a href=\"https:\/\/bigycb.cz\/bigy\/wp-content\/uploads\/Skolni_program_navod_rodice.pdf\" target=\"_blank\" rel=\"noopener\"><strong>N\u00e1vod pro rodi\u010de<\/strong><\/a><\/p>\n<p style=\"padding-left: 40px;\">\u25b6\ufe0f <a href=\"https:\/\/system.skolniprogram.cz\/\" target=\"_blank\" rel=\"noopener\"><strong>Vstup do \u0160koln\u00edho programu<\/strong><\/a><\/p>\n<p>[\/vc_column_text][\/vc_column][\/vc_row][vc_row][vc_column][vc_custom_heading text=&#8221;Kop\u00edrov\u00e1n\u00ed a tisk ve \u0161kole&#8221; font_container=&#8221;tag:h3|text_align:left|color:%23ffffff&#8221; use_theme_fonts=&#8221;yes&#8221; css=&#8221;.vc_custom_1683525515032{padding-top: 8px !important;padding-right: 8px !important;padding-bottom: 8px !important;padding-left: 10px !important;background-color: #3a7eaf !important;}&#8221;][\/vc_column][\/vc_row][vc_row][vc_column][vc_column_text]Studenti a zam\u011bstnanci \u0161koly mohou vyu\u017e\u00edvat tiskov\u00e9 \u0159e\u0161en\u00ed MyQ, kter\u00e9 umo\u017e\u0148uje kop\u00edrov\u00e1n\u00ed, \u010dernob\u00edl\u00fd tisk z flashdisku a barevn\u00e9 skenov\u00e1n\u00ed. Ka\u017ed\u00fd u\u017eivatel disponuje sv\u00fdm \u00fa\u010dtem a kreditem, k ov\u011b\u0159en\u00ed lze vyu\u017e\u00edt elektronick\u00fd \u010dip nebo PIN.<\/p>\n<p><strong>Dal\u0161\u00ed informace:<\/strong><\/p>\n<p style=\"padding-left: 40px;\">\u25b6\ufe0f <a href=\"https:\/\/navody.bigycb.cz\/zakladni-informace-k-samoobluznemu-kopirovani\/\" target=\"_blank\" rel=\"noopener\"><strong>Kompletn\u00ed informace k samoobslu\u017en\u00e9mu kop\u00edrov\u00e1n\u00ed a tisku<\/strong><\/a><\/p>\n<p>[\/vc_column_text][\/vc_column][\/vc_row][vc_row][vc_column][vc_custom_heading text=&#8221;Vstup do \u0161koly&#8221; font_container=&#8221;tag:h3|text_align:left|color:%23ffffff&#8221; use_theme_fonts=&#8221;yes&#8221; css=&#8221;.vc_custom_1683526147745{padding-top: 8px !important;padding-right: 8px !important;padding-bottom: 8px !important;padding-left: 8px !important;background-color: #3a7eaf !important;}&#8221;][\/vc_column][\/vc_row][vc_row][vc_column][vc_column_text]Budova \u0161koly je p\u0159\u00edstupn\u00e1 dv\u011bma vchody &#8211; <strong>hlavn\u00edm<\/strong> z k\u0159i\u017eovatky ulic Dukelsk\u00e1 a Jirs\u00edkova a <strong>bo\u010dn\u00edm<\/strong> ze dvora \u0161koly (ul. Kn\u011b\u017esk\u00e1). Dve\u0159e se v\u00e1m odemknou po p\u0159ilo\u017een\u00ed \u010dipu nebo ISIC karty, kter\u00e9 je t\u0159eba zaregistrovat pro vstup na recepci \u0161koly.\u00a0Pokud si \u010dip zapomenete, nebo nebude fungovat, zvo\u0148te na recepci.[\/vc_column_text][\/vc_column][\/vc_row][vc_row][vc_column][vc_custom_heading text=&#8221;\u010cipy&#8221; font_container=&#8221;tag:h3|text_align:left|color:%23ffffff&#8221; use_theme_fonts=&#8221;yes&#8221; css=&#8221;.vc_custom_1716789983694{padding-top: 8px !important;padding-right: 8px !important;padding-bottom: 8px !important;padding-left: 8px !important;background-color: #3a7eaf !important;}&#8221;][\/vc_column][\/vc_row][vc_row][vc_column][vc_column_text]Pro p\u0159\u00edstup do \u0161koly, v\u00fddej stravy v j\u00eddeln\u011b a kop\u00edrov\u00e1n\u00ed vyu\u017e\u00edv\u00e1me bezkontaktn\u00ed \u010dipy. V\u0161ichni nov\u011b nastupuj\u00edc\u00ed studenti dost\u00e1vaj\u00ed \u010dip od \u0161koly zdarma, ostatn\u00ed si jej zakupuj\u00ed na recepci \u0161koly v p\u0159\u00edzem\u00ed (60 K\u010d).<\/p>\n<p>M\u00edsto \u010dipu zakoupen\u00e9ho ve \u0161kole lze vyu\u017e\u00edt i ISIC karty nebo jak\u00fdkoliv jin\u00fd RFID \u010dip pracuj\u00edc\u00ed na frekvenci 125 kHz (EM Marine), kter\u00fd bude s na\u0161imi \u010dtec\u00edmi za\u0159\u00edzen\u00edmi kompatibiln\u00ed (nap\u0159. i star\u0161\u00ed \u010dipy ze Z\u0160).[\/vc_column_text][\/vc_column][\/vc_row][vc_row][vc_column][vc_custom_heading text=&#8221;Microsoft Office&#8221; font_container=&#8221;tag:h3|text_align:left|color:%23ffffff&#8221; use_theme_fonts=&#8221;yes&#8221; css=&#8221;.vc_custom_1683543778372{padding-top: 8px !important;padding-right: 8px !important;padding-bottom: 8px !important;padding-left: 8px !important;background-color: #3a7eaf !important;}&#8221;][\/vc_column][\/vc_row][vc_row][vc_column][vc_column_text]Studenti a zam\u011bstnanci \u0161koly mohou zdarma vyu\u017e\u00edvat slu\u017ebu <strong>Office 365<\/strong>, kter\u00e1 zahrnuje webov\u00e9 verze kancel\u00e1\u0159sk\u00fdch aplikac\u00ed, cloudov\u00fd disk a tak\u00e9 instalaci klasick\u00fdch desktopov\u00fdch program\u016f (Word, Excel, PowerPoint a dal\u0161\u00ed) a\u017e na 5 libovoln\u00fdch za\u0159\u00edzen\u00ed (PC, Mac, tablet\u2026).<\/p>\n<p><strong>Dal\u0161\u00ed informace:<\/strong><\/p>\n<p style=\"padding-left: 40px;\">\u25b6\ufe0f <a href=\"https:\/\/navody.bigycb.cz\/navod-k-pouzivani-office-365\/\" target=\"_blank\" rel=\"noopener\"><strong>Postup z\u00edsk\u00e1n\u00ed Office 365<\/strong><\/a><\/p>\n<p>[\/vc_column_text][\/vc_column][\/vc_row][vc_row][vc_column][vc_custom_heading text=&#8221;P\u0159\u00edstup na \u0161koln\u00ed Wi-Fi a do PC&#8221; font_container=&#8221;tag:h3|text_align:left|color:%23ffffff&#8221; use_theme_fonts=&#8221;yes&#8221; css=&#8221;.vc_custom_1683573480733{padding-top: 8px !important;padding-right: 8px !important;padding-bottom: 8px !important;padding-left: 8px !important;background-color: #3a7eaf !important;}&#8221;][\/vc_column][\/vc_row][vc_row][vc_column][vc_column_text]Cel\u00e1 \u0161kola je pokryta Wi-Fi s\u00edt\u00ed <strong>BIGY_host<\/strong>\u00a0voln\u011b dostupnou i pro studenty. Heslo v\u00e1m sd\u011bl\u00ed t\u0159\u00eddn\u00ed u\u010ditel nebo IT spr\u00e1vce. Provoz v s\u00edti je monitorov\u00e1n a filtrov\u00e1n.<\/p>\n<p>P\u0159ihl\u00e1\u0161en\u00ed do PC ve \u0161kole je pro studenty mo\u017en\u00e9 pouze v u\u010debn\u00e1ch IVT a na jednom PC pod knihovnou.\u00a0P\u0159ihla\u0161ovac\u00ed jm\u00e9no (login) je shodn\u00e9 se syst\u00e9mem Bakal\u00e1\u0159i, heslo je p\u0159ednastaven\u00e9 na <strong>rodn\u00e9 \u010d\u00edslo v\u010detn\u011b lom\u00edtka<\/strong>. Po p\u0159ihl\u00e1\u0161en\u00ed velmi doporu\u010dujeme heslo ihned zm\u011bnit!<\/p>\n<p><strong>Dal\u0161\u00ed informace:<\/strong><\/p>\n<p style=\"padding-left: 40px;\">\u25b6\ufe0f <a href=\"https:\/\/navody.bigycb.cz\/jak-si-zmenim-heslo-k-sitovemu-uctu\/\" target=\"_blank\" rel=\"noopener\"><strong>Jak si zm\u011bn\u00edm heslo k s\u00ed\u0165ov\u00e9mu \u00fa\u010dtu?<\/strong><\/a><br \/>\n\u25b6\ufe0f <a href=\"https:\/\/navody.bigycb.cz\/sitove-disky\/\" target=\"_blank\" rel=\"noopener\"><strong>S\u00ed\u0165ov\u00e9 disky pro studenty<\/strong><\/a><\/p>\n<p>[\/vc_column_text][\/vc_column][\/vc_row][vc_row][vc_column][vc_custom_heading text=&#8221;Zap\u016fj\u010den\u00ed techniky&#8221; font_container=&#8221;tag:h3|text_align:left|color:%23ffffff&#8221; use_theme_fonts=&#8221;yes&#8221; css=&#8221;.vc_custom_1683543590736{padding-top: 8px !important;padding-right: 8px !important;padding-bottom: 8px !important;padding-left: 8px !important;background-color: #3a7eaf !important;}&#8221;][\/vc_column][\/vc_row][vc_row][vc_column][vc_column_text]Na\u0161e \u0161kola disponuje n\u011bkolika tablety a notebooky, kter\u00e9 mohou b\u00fdt kr\u00e1tkodob\u011b i na del\u0161\u00ed dobu zap\u016fj\u010deny student\u016fm.<\/p>\n<p>Pokud byste cht\u011bli t\u00e9to nab\u00eddky vyu\u017e\u00edt, kontaktujte IT spr\u00e1vce (zalesky@bigy-cb.cz)[\/vc_column_text][\/vc_column][\/vc_row][vc_row][vc_column][vc_custom_heading text=&#8221;ISIC karty&#8221; font_container=&#8221;tag:h3|text_align:left|color:%23ffffff&#8221; use_theme_fonts=&#8221;yes&#8221; css=&#8221;.vc_custom_1683573534520{padding-top: 8px !important;padding-right: 8px !important;padding-bottom: 8px !important;padding-left: 8px !important;background-color: #3a7eaf !important;}&#8221;][\/vc_column][\/vc_row][vc_row][vc_column][vc_column_text]ISIC (International Student Identity Card) je celosv\u011btov\u011b uzn\u00e1van\u00fd doklad prokazuj\u00edc\u00ed status studenta st\u0159edn\u00ed \u0161koly (a dal\u0161\u00edch navazuj\u00edc\u00edch).\u00a0Pr\u016fkaz je mo\u017en\u00e9 zakoupit na recepci \u0161koly za 350 K\u010d. Vzhledem k tomu, \u017ee ISIC karta obsahuje RFID \u010dip, je mo\u017en\u00e9 ji pou\u017e\u00edvat i pro vstup do \u0161koly, v\u00fddej ob\u011bd\u016f \u010di kop\u00edrov\u00e1n\u00ed.<\/p>\n<p><strong>Dal\u0161\u00ed informace:<\/strong><\/p>\n<p style=\"padding-left: 40px;\">\u25b6\ufe0f <a href=\"https:\/\/www.isic.cz\/slevy\/cr\/\" target=\"_blank\" rel=\"noopener\"><strong>Slevy s ISIC kartou<\/strong><\/a>[\/vc_column_text][\/vc_column][\/vc_row][vc_row][vc_column][vc_custom_heading text=&#8221;Krou\u017eky, \u0161koln\u00ed klub a DDM&#8221; font_container=&#8221;tag:h3|text_align:left|color:%23ffffff&#8221; use_theme_fonts=&#8221;yes&#8221; css=&#8221;.vc_custom_1683721423403{padding-top: 8px !important;padding-right: 8px !important;padding-bottom: 8px !important;padding-left: 8px !important;background-color: #3a7eaf !important;}&#8221;][\/vc_column][\/vc_row][vc_row][vc_column][vc_column_text]N\u00e1\u0161 DDM nab\u00edz\u00ed \u0161irokou \u0161k\u00e1lu r\u016fzn\u00fdch z\u00e1jmov\u00fdch krou\u017ek\u016f. Podrobnosti nalezente pod odkazem:<\/p>\n<p style=\"padding-left: 40px;\">\u25b6\ufe0f <a href=\"https:\/\/bigycb.cz\/bigy\/aktivity-skoly\/ddm-a-skolni-klub\/\" target=\"_blank\" rel=\"noopener\"><strong>Seznam krou\u017ek\u016f a bli\u017e\u0161\u00ed informace<\/strong><\/a><\/p>\n<p>[\/vc_column_text][\/vc_column][\/vc_row][vc_row][vc_column][vc_custom_heading text=&#8221;Rozcestn\u00edk u\u010deben, kontakty&#8221; font_container=&#8221;tag:h3|text_align:left|color:%23ffffff&#8221; use_theme_fonts=&#8221;yes&#8221; css=&#8221;.vc_custom_1683721448354{padding-top: 8px !important;padding-right: 8px !important;padding-bottom: 8px !important;padding-left: 8px !important;background-color: #3a7eaf !important;}&#8221;][\/vc_column][\/vc_row][vc_row][vc_column][vc_column_text]M\u00edstnosti v budov\u011b jsou \u010d\u00edslov\u00e1ny v pat\u0159e dokola sm\u011brem po prav\u00e9 ruce. V\u00fdchoz\u00edm bodem v p\u0159\u00edzem\u00ed je hlavn\u00ed vchod do \u0161koly, u ostatn\u00edch pater analogicky v\u017edy rohov\u00e1 m\u00edstnost. M\u00edstnosti v p\u0159\u00edzem\u00ed za\u010d\u00ednaj\u00ed p\u00edsmenem <strong>P<\/strong>, v 1. pat\u0159e \u010d\u00edslem <strong>1<\/strong>, ve 2. \u010d\u00edslem <strong>2<\/strong> a ve t\u0159et\u00edm \u010d\u00edslem <strong>3<\/strong> (viz <a href=\"https:\/\/bigycb.cz\/bigy\/wp-content\/uploads\/cislovani_mistnosti_2023.pdf\" target=\"_blank\" rel=\"noopener\">pl\u00e1n budovy<\/a>).<\/p>\n<p style=\"padding-left: 40px;\">\u25b6\ufe0f <a href=\"https:\/\/bigycb.cz\/bigy\/wp-content\/uploads\/cislovani_mistnosti_2023.pdf\" target=\"_blank\" rel=\"noopener\"><strong>Pl\u00e1n budovy s \u010d\u00edsly m\u00edstnost\u00ed<\/strong><\/a><\/p>\n<p style=\"padding-left: 40px;\">\u25b6\ufe0f <a href=\"https:\/\/bigycb.cz\/bigy\/o-skole\/zamestnanci-skoly\/?staff-category=ucitele\" target=\"_blank\" rel=\"noopener\"><strong>Kontakty na vyu\u010duj\u00edc\u00ed<\/strong><\/a><\/p>\n<p>[\/vc_column_text][\/vc_column][\/vc_row][vc_row][vc_column][vc_custom_heading text=&#8221;Str\u00e1nky p\u0159edm\u011btov\u00fdch komis\u00ed&#8221; font_container=&#8221;tag:h3|text_align:left|color:%23ffffff&#8221; use_theme_fonts=&#8221;yes&#8221; css=&#8221;.vc_custom_1716551270492{padding-top: 8px !important;padding-right: 8px !important;padding-bottom: 8px !important;padding-left: 8px !important;background-color: #3a7eaf !important;}&#8221;][\/vc_column][\/vc_row][vc_row][vc_column][vc_column_text]Na str\u00e1nk\u00e1ch jednotliv\u00fdch p\u0159edm\u011bt\u016f (p\u0159edm\u011btov\u00fdch komis\u00ed) se dozv\u00edte, kdo dan\u00fd p\u0159edm\u011bt vyu\u010duje, na co se v\u00fduka zam\u011b\u0159uje, jak\u00e9 se konaj\u00ed sout\u011b\u017ee nebo exkurze a v neposledn\u00ed \u0159ad\u011b i jestli se d\u00e1 z p\u0159edm\u011btu maturovat.<\/p>\n<p style=\"padding-left: 40px;\">\u25b6\ufe0f <a href=\"https:\/\/bigycb.cz\/bigy\/predmetove-komise\/\" target=\"_blank\" rel=\"noopener\"><strong>Rozcestn\u00edk p\u0159edm\u011btov\u00fdch str\u00e1nek<\/strong><\/a><\/p>\n<p>[\/vc_column_text][\/vc_column][\/vc_row]<\/p>\n","protected":false},"excerpt":{"rendered":"<p>[vc_row][vc_column][vc_custom_heading text=&#8221;Pr\u016fvodce prv\u00e1ka&#8221; font_container=&#8221;tag:h1|text_align:left&#8221; use_theme_fonts=&#8221;yes&#8221;][vc_column_text]Mil\u00ed studenti a rodi\u010de, na t\u00e9to str\u00e1nce najdete rozcestn\u00edk d\u016fle\u017eit\u00fdch syst\u00e9m\u016f a informac\u00ed, kter\u00e9 jsou pot\u0159ebn\u00e9&nbsp;<a href=\"https:\/\/bigycb.cz\/bigy\/studenti-a-rodice\/pruvodce-prvaka\/\">&hellip;<\/a><\/p>\n","protected":false},"author":1,"featured_media":0,"parent":500,"menu_order":0,"comment_status":"closed","ping_status":"closed","template":"template-sidebar-right-childpages.php","meta":{"footnotes":""},"class_list":["post-4788","page","type-page","status-publish","hentry","odd"],"_links":{"self":[{"href":"https:\/\/bigycb.cz\/bigy\/wp-json\/wp\/v2\/pages\/4788","targetHints":{"allow":["GET"]}}],"collection":[{"href":"https:\/\/bigycb.cz\/bigy\/wp-json\/wp\/v2\/pages"}],"about":[{"href":"https:\/\/bigycb.cz\/bigy\/wp-json\/wp\/v2\/types\/page"}],"author":[{"embeddable":true,"href":"https:\/\/bigycb.cz\/bigy\/wp-json\/wp\/v2\/users\/1"}],"replies":[{"embeddable":true,"href":"https:\/\/bigycb.cz\/bigy\/wp-json\/wp\/v2\/comments?post=4788"}],"version-history":[{"count":88,"href":"https:\/\/bigycb.cz\/bigy\/wp-json\/wp\/v2\/pages\/4788\/revisions"}],"predecessor-version":[{"id":5075,"href":"https:\/\/bigycb.cz\/bigy\/wp-json\/wp\/v2\/pages\/4788\/revisions\/5075"}],"up":[{"embeddable":true,"href":"https:\/\/bigycb.cz\/bigy\/wp-json\/wp\/v2\/pages\/500"}],"wp:attachment":[{"href":"https:\/\/bigycb.cz\/bigy\/wp-json\/wp\/v2\/media?parent=4788"}],"curies":[{"name":"wp","href":"https:\/\/api.w.org\/{rel}","templated":true}]}}