{"id":2182,"date":"2022-06-03T09:57:17","date_gmt":"2022-06-03T07:57:17","guid":{"rendered":"https:\/\/bigycb.cz\/bigy\/?page_id=2182"},"modified":"2026-04-20T12:33:12","modified_gmt":"2026-04-20T10:33:12","slug":"europass","status":"publish","type":"page","link":"https:\/\/bigycb.cz\/bigy\/studenti-a-rodice\/europass\/","title":{"rendered":"Europass"},"content":{"rendered":"<h1><img loading=\"lazy\" decoding=\"async\" class=\"alignright size-full wp-image-2183\" src=\"https:\/\/bigycb.cz\/bigy\/wp-content\/uploads\/logo-europass.jpg\" alt=\"\" width=\"225\" height=\"54\" \/>Europass<\/h1>\n<p>\u201eEuropass \u2013 dodatek k osv\u011bd\u010den\u00ed je dokument dopl\u0148uj\u00edc\u00ed osv\u011bd\u010den\u00ed o st\u0159edn\u00edm a st\u0159edn\u00edm odborn\u00e9m vzd\u011bl\u00e1n\u00ed (vysv\u011bd\u010den\u00ed o z\u00e1v\u011bre\u010dn\u00e9 zkou\u0161ce, v\u00fdu\u010dn\u00ed list, vysv\u011bd\u010den\u00ed o maturitn\u00ed zkou\u0161ce), kter\u00fd vyu\u017eijete p\u0159i hled\u00e1n\u00ed studia, pr\u00e1ce nebo brig\u00e1dy. V\u00edce na\u00a0<a href=\"https:\/\/edo.europass.cz\/\" target=\"_blank\" rel=\"noopener\">edo.europass.cz<\/a>. Pokud zde dodatek ke sv\u00e9mu oboru nenajdete (dodatek mus\u00ed m\u00edt stejn\u00fd k\u00f3d a n\u00e1zev oboru jako Va\u0161e absolventsk\u00e9 vysv\u011bd\u010den\u00ed), za\u017e\u00e1dejte si o jeho vystaven\u00ed p\u0159\u00edmo u N\u00e1rodn\u00edho centra Europass \u010cR na\u00a0<a href=\"https:\/\/edo.europass.cz\/\" target=\"_blank\" rel=\"noopener\">edo.europass.cz<\/a>. Dodatek je platn\u00fd pouze s p\u0159\u00edslu\u0161n\u00fdm vysv\u011bd\u010den\u00edm o z\u00e1v\u011bre\u010dn\u00e9 zkou\u0161ce, v\u00fdu\u010dn\u00edm listem nebo vysv\u011bd\u010den\u00edm o maturitn\u00ed zkou\u0161ce.\u201c<\/p>\n<h4>\u0160koln\u00ed rok 2025\/2026<\/h4>\n<blockquote><p><strong>\u010cty\u0159let\u00e9 studium (79-41-K\/41):<\/strong> <a href=\"https:\/\/bigycb.cz\/bigy\/wp-content\/uploads\/79-41-K-41_cs_2025-2026.pdf\">CZ<\/a> | <a href=\"https:\/\/bigycb.cz\/bigy\/wp-content\/uploads\/79-41-K-41_en_2025-2026.pdf\">EN<\/a> | <a href=\"https:\/\/bigycb.cz\/bigy\/wp-content\/uploads\/79-41-K-41_de_2025-2026.pdf\">DE<\/a>\u00a0| <a href=\"https:\/\/bigycb.cz\/bigy\/wp-content\/uploads\/79-41-K-41_fr_2025-2026.pdf\">FR<\/a><\/p><\/blockquote>\n<blockquote><p><strong>Osmilet\u00e9 studium (79-41-K\/81):<\/strong> <a href=\"https:\/\/bigycb.cz\/bigy\/wp-content\/uploads\/79-41-K-81_cs_2025-2026.pdf\">CZ<\/a> | <a href=\"https:\/\/bigycb.cz\/bigy\/wp-content\/uploads\/79-41-K-81_en_2025-2026.pdf\">EN<\/a> | <a href=\"https:\/\/bigycb.cz\/bigy\/wp-content\/uploads\/79-41-K-81_de_2025-2026.pdf\">DE<\/a> |  <a href=\"https:\/\/bigycb.cz\/bigy\/wp-content\/uploads\/79-41-K-81_fr_2025-2026.pdf\">FR<\/a><\/p><\/blockquote>\n<blockquote><p><strong>\u0160estilet\u00e9 studium (79-41-K\/61):<\/strong> <a href=\"https:\/\/bigycb.cz\/bigy\/wp-content\/uploads\/79-41-K-61_cs_2025-2026.pdf\">CZ<\/a> | <a href=\"https:\/\/bigycb.cz\/bigy\/wp-content\/uploads\/79-41-K-61_en_2025-2026.pdf\">EN<\/a> | <a href=\"https:\/\/bigycb.cz\/bigy\/wp-content\/uploads\/79-41-K-61_de_2025-2026.pdf\">DE<\/a> | <a href=\"https:\/\/bigycb.cz\/bigy\/wp-content\/uploads\/79-41-K-61_fr_2025-2026.pdf\">FR<\/a><\/p><\/blockquote>\n<blockquote><p><strong>\u0160estilet\u00e9 bilingvn\u00ed studium (79-43-K\/61):<\/strong> <a href=\"https:\/\/bigycb.cz\/bigy\/wp-content\/uploads\/79-43-K-61_cs_2025-2026.pdf\">CZ<\/a> | <a href=\"https:\/\/bigycb.cz\/bigy\/wp-content\/uploads\/79-43-K-61_en_2025-2026.pdf\">EN<\/a> | <a href=\"https:\/\/bigycb.cz\/bigy\/wp-content\/uploads\/79-43-K-61_de_2025-2026.pdf\">DE<\/a> | <a href=\"https:\/\/bigycb.cz\/bigy\/wp-content\/uploads\/79-43-K-61_fr_2025-2026.pdf\">FR<\/a><\/p><\/blockquote>\n","protected":false},"excerpt":{"rendered":"<p>Europass \u201eEuropass \u2013 dodatek k osv\u011bd\u010den\u00ed je dokument dopl\u0148uj\u00edc\u00ed osv\u011bd\u010den\u00ed o st\u0159edn\u00edm a st\u0159edn\u00edm odborn\u00e9m vzd\u011bl\u00e1n\u00ed (vysv\u011bd\u010den\u00ed o z\u00e1v\u011bre\u010dn\u00e9 zkou\u0161ce,&nbsp;<a href=\"https:\/\/bigycb.cz\/bigy\/studenti-a-rodice\/europass\/\">&hellip;<\/a><\/p>\n","protected":false},"author":1,"featured_media":0,"parent":500,"menu_order":8,"comment_status":"closed","ping_status":"closed","template":"template-sidebar-right-childpages.php","meta":{"footnotes":""},"class_list":["post-2182","page","type-page","status-publish","hentry","odd"],"_links":{"self":[{"href":"https:\/\/bigycb.cz\/bigy\/wp-json\/wp\/v2\/pages\/2182","targetHints":{"allow":["GET"]}}],"collection":[{"href":"https:\/\/bigycb.cz\/bigy\/wp-json\/wp\/v2\/pages"}],"about":[{"href":"https:\/\/bigycb.cz\/bigy\/wp-json\/wp\/v2\/types\/page"}],"author":[{"embeddable":true,"href":"https:\/\/bigycb.cz\/bigy\/wp-json\/wp\/v2\/users\/1"}],"replies":[{"embeddable":true,"href":"https:\/\/bigycb.cz\/bigy\/wp-json\/wp\/v2\/comments?post=2182"}],"version-history":[{"count":12,"href":"https:\/\/bigycb.cz\/bigy\/wp-json\/wp\/v2\/pages\/2182\/revisions"}],"predecessor-version":[{"id":11604,"href":"https:\/\/bigycb.cz\/bigy\/wp-json\/wp\/v2\/pages\/2182\/revisions\/11604"}],"up":[{"embeddable":true,"href":"https:\/\/bigycb.cz\/bigy\/wp-json\/wp\/v2\/pages\/500"}],"wp:attachment":[{"href":"https:\/\/bigycb.cz\/bigy\/wp-json\/wp\/v2\/media?parent=2182"}],"curies":[{"name":"wp","href":"https:\/\/api.w.org\/{rel}","templated":true}]}}